Last updated on 2025-11-27 01:48:49 CET.
| Flavor | Version | Tinstall | Tcheck | Ttotal | Status | Flags |
|---|---|---|---|---|---|---|
| r-devel-linux-x86_64-debian-clang | 0.1.0 | 0.33 | 2.40 | 2.73 | ERROR | |
| r-devel-linux-x86_64-debian-gcc | 0.1.0 | 0.27 | 1.97 | 2.24 | ERROR | |
| r-devel-linux-x86_64-fedora-clang | 0.1.0 | 73.00 | 198.16 | 271.16 | NOTE | |
| r-devel-linux-x86_64-fedora-gcc | 0.1.0 | 109.00 | 164.68 | 273.68 | NOTE | |
| r-devel-windows-x86_64 | 0.1.0 | 24.00 | 145.00 | 169.00 | OK | |
| r-patched-linux-x86_64 | 0.1.0 | 0.25 | 1.73 | 1.98 | ERROR | |
| r-release-linux-x86_64 | 0.1.0 | 21.94 | 139.78 | 161.72 | OK | |
| r-release-macos-arm64 | 0.1.0 | OK | ||||
| r-release-macos-x86_64 | 0.1.0 | 24.00 | 122.00 | 146.00 | OK | |
| r-release-windows-x86_64 | 0.1.0 | 25.00 | 161.00 | 186.00 | OK | |
| r-oldrel-macos-arm64 | 0.1.0 | OK | ||||
| r-oldrel-macos-x86_64 | 0.1.0 | 25.00 | 130.00 | 155.00 | OK | |
| r-oldrel-windows-x86_64 | 0.1.0 | 35.00 | 187.00 | 222.00 | OK |
Version: 0.1.0
Check: package dependencies
Result: ERROR
Packages required but not available:
'tmap', 'tmap.glyphs', 'tmap.networks', 'tmap.cartogram',
'tmap.mapgl'
See section ‘The DESCRIPTION file’ in the ‘Writing R Extensions’
manual.
Flavors: r-devel-linux-x86_64-debian-clang, r-devel-linux-x86_64-debian-gcc, r-patched-linux-x86_64
Version: 0.1.0
Check: dependencies in R code
Result: NOTE
Namespaces in Imports field not imported from:
‘cols4all’ ‘stars’ ‘terra’ ‘tmap’ ‘tmap.cartogram’ ‘tmap.glyphs’
‘tmap.mapgl’ ‘tmap.networks’
All declared Imports should be used.
Flavors: r-devel-linux-x86_64-fedora-clang, r-devel-linux-x86_64-fedora-gcc