Last updated on 2024-07-18 01:55:46 CEST.
Flavor | Version | Tinstall | Tcheck | Ttotal | Status | Flags |
---|---|---|---|---|---|---|
r-devel-linux-x86_64-debian-clang | 2021.1 | 11.80 | 135.69 | 147.49 | OK | |
r-devel-linux-x86_64-debian-gcc | 2021.1 | 7.68 | 96.65 | 104.33 | OK | |
r-devel-linux-x86_64-fedora-clang | 2021.1 | 182.78 | OK | |||
r-devel-linux-x86_64-fedora-gcc | 2021.1 | 177.92 | OK | |||
r-devel-windows-x86_64 | 2021.1 | 10.00 | 129.00 | 139.00 | NOTE | |
r-patched-linux-x86_64 | 2021.1 | 10.29 | 128.20 | 138.49 | OK | |
r-release-linux-x86_64 | 2021.1 | 9.43 | 124.12 | 133.55 | OK | |
r-release-macos-arm64 | 2021.1 | 60.00 | OK | |||
r-release-macos-x86_64 | 2021.1 | 148.00 | OK | |||
r-release-windows-x86_64 | 2021.1 | 9.00 | 131.00 | 140.00 | OK | |
r-oldrel-macos-arm64 | 2021.1 | 77.00 | OK | |||
r-oldrel-macos-x86_64 | 2021.1 | 140.00 | OK | |||
r-oldrel-windows-x86_64 | 2021.1 | 12.00 | 154.00 | 166.00 | OK |
Version: 2021.1
Check: Rd cross-references
Result: NOTE
Found the following Rd file(s) with Rd \link{} targets missing package
anchors:
turboSim.Rd: foreach
turboem.Rd: foreach
Please provide package anchors for all Rd \link{} targets not in the
package itself and the base packages.
Flavor: r-devel-windows-x86_64