Last updated on 2025-10-06 01:50:02 CEST.
Flavor | Version | Tinstall | Tcheck | Ttotal | Status | Flags |
---|---|---|---|---|---|---|
r-devel-linux-x86_64-debian-clang | 1.5.1 | 400.05 | 277.56 | 677.61 | OK | |
r-devel-linux-x86_64-debian-gcc | 1.5.1 | 271.17 | 197.22 | 468.39 | OK | |
r-devel-linux-x86_64-fedora-clang | 1.5.1 | 992.75 | OK | |||
r-devel-linux-x86_64-fedora-gcc | 1.5.1 | 1244.30 | OK | |||
r-devel-windows-x86_64 | 1.5.1 | 325.00 | 283.00 | 608.00 | OK | |
r-patched-linux-x86_64 | 1.5.1 | 415.85 | 284.95 | 700.80 | OK | |
r-release-linux-x86_64 | 1.5.1 | 408.53 | 274.79 | 683.32 | OK | |
r-release-macos-arm64 | 1.5.1 | 273.00 | OK | |||
r-release-macos-x86_64 | 1.5.1 | 753.00 | OK | |||
r-release-windows-x86_64 | 1.5.1 | 418.00 | 320.00 | 738.00 | OK | |
r-oldrel-macos-arm64 | 1.5.0 | 244.00 | NOTE | |||
r-oldrel-macos-x86_64 | 1.5.1 | 819.00 | NOTE | |||
r-oldrel-windows-x86_64 | 1.5.1 | 519.00 | 408.00 | 927.00 | NOTE |
Version: 1.5.0
Check: installed package size
Result: NOTE
installed size is 66.4Mb
sub-directories of 1Mb or more:
R 2.0Mb
doc 1.3Mb
libs 62.1Mb
Flavor: r-oldrel-macos-arm64
Version: 1.5.0
Check: for GNU extensions in Makefiles
Result: NOTE
GNU make is a SystemRequirements.
Flavor: r-oldrel-macos-arm64
Version: 1.5.1
Check: installed package size
Result: NOTE
installed size is 75.6Mb
sub-directories of 1Mb or more:
R 2.0Mb
doc 1.4Mb
libs 71.3Mb
Flavors: r-oldrel-macos-x86_64, r-oldrel-windows-x86_64
Version: 1.5.1
Check: for GNU extensions in Makefiles
Result: NOTE
GNU make is a SystemRequirements.
Flavors: r-oldrel-macos-x86_64, r-oldrel-windows-x86_64