Last updated on 2024-07-18 01:55:46 CEST.
Flavor | Version | Tinstall | Tcheck | Ttotal | Status | Flags |
---|---|---|---|---|---|---|
r-devel-linux-x86_64-debian-clang | 1.0-1 | 10.31 | 88.79 | 99.10 | OK | |
r-devel-linux-x86_64-debian-gcc | 1.0-1 | 8.75 | 66.33 | 75.08 | OK | |
r-devel-linux-x86_64-fedora-clang | 1.0-1 | 126.54 | NOTE | |||
r-devel-linux-x86_64-fedora-gcc | 1.0-1 | 115.06 | NOTE | |||
r-devel-windows-x86_64 | 1.0-1 | 12.00 | 89.00 | 101.00 | NOTE | |
r-patched-linux-x86_64 | 1.0-1 | 8.54 | 82.16 | 90.70 | OK | |
r-release-linux-x86_64 | 1.0-1 | 11.98 | 80.89 | 92.87 | OK | |
r-release-macos-arm64 | 1.0-1 | 40.00 | OK | |||
r-release-macos-x86_64 | 1.0-1 | 65.00 | OK | |||
r-release-windows-x86_64 | 1.0-1 | 12.00 | 82.00 | 94.00 | OK | |
r-oldrel-macos-arm64 | 1.0-1 | 47.00 | OK | |||
r-oldrel-macos-x86_64 | 1.0-1 | 75.00 | OK | |||
r-oldrel-windows-x86_64 | 1.0-1 | 15.00 | 95.00 | 110.00 | OK |
Version: 1.0-1
Check: compiled code
Result: NOTE
File ‘valorate/libs/valorate.so’:
Found no calls to: ‘R_registerRoutines’, ‘R_useDynamicSymbols’
It is good practice to register native routines and to disable symbol
search.
See ‘Writing portable packages’ in the ‘Writing R Extensions’ manual.
Flavors: r-devel-linux-x86_64-fedora-clang, r-devel-linux-x86_64-fedora-gcc
Version: 1.0-1
Check: Rd cross-references
Result: NOTE
Found the following Rd file(s) with Rd \link{} targets missing package
anchors:
valorate.risk.Rd: coxph
Please provide package anchors for all Rd \link{} targets not in the
package itself and the base packages.
Flavor: r-devel-windows-x86_64