Last updated on 2025-05-05 01:50:40 CEST.
Flavor | Version | Tinstall | Tcheck | Ttotal | Status | Flags |
---|---|---|---|---|---|---|
r-devel-linux-x86_64-debian-clang | 1.1 | 2.33 | 20.09 | 22.42 | NOTE | |
r-devel-linux-x86_64-debian-gcc | 1.1 | 1.89 | 14.88 | 16.77 | NOTE | |
r-devel-linux-x86_64-fedora-clang | 1.1 | 35.16 | OK | |||
r-devel-linux-x86_64-fedora-gcc | 1.1 | 33.11 | OK | |||
r-devel-windows-x86_64 | 1.1 | 5.00 | 52.00 | 57.00 | OK | |
r-patched-linux-x86_64 | 1.1 | 2.55 | 20.07 | 22.62 | OK | |
r-release-linux-x86_64 | 1.1 | 1.94 | 19.66 | 21.60 | OK | |
r-release-macos-arm64 | 1.1 | 14.00 | OK | |||
r-release-macos-x86_64 | 1.1 | 24.00 | OK | |||
r-release-windows-x86_64 | 1.1 | 5.00 | 54.00 | 59.00 | OK | |
r-oldrel-macos-arm64 | 1.1 | 18.00 | OK | |||
r-oldrel-macos-x86_64 | 1.1 | 22.00 | OK | |||
r-oldrel-windows-x86_64 | 1.1 | 5.00 | 53.00 | 58.00 | OK |
Version: 1.1
Check: CRAN incoming feasibility
Result: NOTE
Maintainer: ‘Daniel Amorese <amorese@ipgp.fr>’
No Authors@R field in DESCRIPTION.
Please add one, modifying
Authors@R: person(given = "Daniel",
family = "Amorese",
role = c("aut", "cre"),
email = "amorese@ipgp.fr")
as necessary.
Flavors: r-devel-linux-x86_64-debian-clang, r-devel-linux-x86_64-debian-gcc