Last updated on 2024-07-27 01:53:06 CEST.
Flavor | Version | Tinstall | Tcheck | Ttotal | Status | Flags |
---|---|---|---|---|---|---|
r-devel-linux-x86_64-debian-clang | 1.9.0 | 102.46 | 281.12 | 383.58 | OK | |
r-devel-linux-x86_64-debian-gcc | 1.9.0 | 71.57 | 196.81 | 268.38 | OK | |
r-devel-linux-x86_64-fedora-clang | 1.9.0 | 525.05 | OK | |||
r-devel-linux-x86_64-fedora-gcc | 1.9.0 | 575.79 | OK | |||
r-devel-windows-x86_64 | 1.9.0 | 80.00 | 285.00 | 365.00 | OK | |
r-patched-linux-x86_64 | 1.9.0 | OK | ||||
r-release-linux-x86_64 | 1.9.0 | 86.43 | 278.25 | 364.68 | OK | |
r-release-macos-arm64 | 1.9.0 | 111.00 | NOTE | |||
r-release-macos-x86_64 | 1.9.0 | 193.00 | NOTE | |||
r-release-windows-x86_64 | 1.9.0 | 89.00 | 292.00 | 381.00 | OK | |
r-oldrel-macos-arm64 | 1.9.0 | 116.00 | NOTE | |||
r-oldrel-macos-x86_64 | 1.9.0 | 358.00 | NOTE | |||
r-oldrel-windows-x86_64 | 1.9.0 | 93.00 | 405.00 | 498.00 | OK |
Version: 1.9.0
Check: installed package size
Result: NOTE
installed size is 7.5Mb
sub-directories of 1Mb or more:
doc 1.7Mb
libs 5.5Mb
Flavors: r-release-macos-arm64, r-release-macos-x86_64, r-oldrel-macos-arm64, r-oldrel-macos-x86_64