Last updated on 2025-05-12 01:49:05 CEST.
Flavor | Version | Tinstall | Tcheck | Ttotal | Status | Flags |
---|---|---|---|---|---|---|
r-devel-linux-x86_64-debian-clang | 0.20.0 | 1.50 | 21.86 | 23.36 | OK | |
r-devel-linux-x86_64-debian-gcc | 0.20.0 | 1.35 | 17.33 | 18.68 | OK | |
r-devel-linux-x86_64-fedora-clang | 0.20.0 | 38.93 | OK | |||
r-devel-linux-x86_64-fedora-gcc | 0.20.0 | 50.80 | OK | |||
r-devel-windows-x86_64 | 0.20.0 | 3.00 | 57.00 | 60.00 | OK | |
r-patched-linux-x86_64 | 0.20.0 | 1.91 | 22.38 | 24.29 | OK | |
r-release-linux-x86_64 | 0.20.0 | 1.85 | 22.55 | 24.40 | OK | |
r-release-macos-arm64 | 0.20.0 | 33.00 | OK | |||
r-release-macos-x86_64 | 0.20.0 | 35.00 | OK | |||
r-release-windows-x86_64 | 0.20.0 | 4.00 | 44.00 | 48.00 | OK | |
r-oldrel-macos-arm64 | 0.20.0 | 22.00 | NOTE | |||
r-oldrel-macos-x86_64 | 0.20.0 | 32.00 | NOTE | |||
r-oldrel-windows-x86_64 | 0.20.0 | 5.00 | 48.00 | 53.00 | NOTE |
Version: 0.20.0
Check: LazyData
Result: NOTE
'LazyData' is specified without a 'data' directory
Flavors: r-oldrel-macos-arm64, r-oldrel-macos-x86_64, r-oldrel-windows-x86_64