Last updated on 2024-07-27 01:53:06 CEST.
Flavor | Version | Tinstall | Tcheck | Ttotal | Status | Flags |
---|---|---|---|---|---|---|
r-devel-linux-x86_64-debian-clang | 3.0.1 | 48.91 | 129.53 | 178.44 | OK | |
r-devel-linux-x86_64-debian-gcc | 3.0.1 | 33.27 | 97.88 | 131.15 | NOTE | |
r-devel-linux-x86_64-fedora-clang | 3.0.1 | 243.80 | OK | |||
r-devel-linux-x86_64-fedora-gcc | 3.0.1 | 243.08 | OK | |||
r-devel-windows-x86_64 | 3.0.1 | 40.00 | 134.00 | 174.00 | NOTE | |
r-patched-linux-x86_64 | 3.0.1 | OK | ||||
r-release-linux-x86_64 | 3.0.1 | 43.13 | 129.46 | 172.59 | OK | |
r-release-macos-arm64 | 3.0.1 | 60.00 | OK | |||
r-release-macos-x86_64 | 3.0.1 | 97.00 | OK | |||
r-release-windows-x86_64 | 3.0.1 | 45.00 | 131.00 | 176.00 | OK | |
r-oldrel-macos-arm64 | 3.0.1 | 68.00 | OK | |||
r-oldrel-macos-x86_64 | 3.0.1 | 161.00 | OK | |||
r-oldrel-windows-x86_64 | 3.0.1 | 49.00 | 161.00 | 210.00 | OK |
Version: 3.0.1
Check: Rd cross-references
Result: NOTE
Found the following Rd file(s) with Rd \link{} targets missing package
anchors:
plot.InfDiag.Rd: ggplot
plot.Rd: ggplot
plot.residARpCRM.Rd: ggplot
Please provide package anchors for all Rd \link{} targets not in the
package itself and the base packages.
Flavors: r-devel-linux-x86_64-debian-gcc, r-devel-windows-x86_64