Last updated on 2025-05-27 01:49:38 CEST.
Flavor | Version | Tinstall | Tcheck | Ttotal | Status | Flags |
---|---|---|---|---|---|---|
r-devel-linux-x86_64-debian-clang | 2.2.2 | 7.06 | 57.35 | 64.41 | OK | |
r-devel-linux-x86_64-debian-gcc | 2.2.2 | 0.31 | 1.83 | 2.14 | ERROR | |
r-devel-linux-x86_64-fedora-clang | 2.2.2 | 98.70 | OK | |||
r-devel-linux-x86_64-fedora-gcc | 2.2.2 | 107.14 | OK | |||
r-devel-windows-x86_64 | 2.2.2 | 8.00 | 75.00 | 83.00 | OK | |
r-patched-linux-x86_64 | 2.2.2 | 6.12 | 52.32 | 58.44 | OK | |
r-release-linux-x86_64 | 2.2.2 | 5.09 | 52.64 | 57.73 | OK | |
r-release-macos-arm64 | 2.2.2 | 38.00 | OK | |||
r-release-macos-x86_64 | 2.2.2 | 82.00 | OK | |||
r-release-windows-x86_64 | 2.2.2 | 10.00 | 75.00 | 85.00 | OK | |
r-oldrel-macos-arm64 | 2.2.2 | 41.00 | OK | |||
r-oldrel-macos-x86_64 | 2.2.2 | 82.00 | OK | |||
r-oldrel-windows-x86_64 | 2.2.2 | 11.00 | 86.00 | 97.00 | OK |
Version: 2.2.2
Check: package dependencies
Result: ERROR
Package required but not available: ‘arrow’
See section ‘The DESCRIPTION file’ in the ‘Writing R Extensions’
manual.
Flavor: r-devel-linux-x86_64-debian-gcc