Last updated on 2025-05-08 01:50:56 CEST.
Flavor | Version | Tinstall | Tcheck | Ttotal | Status | Flags |
---|---|---|---|---|---|---|
r-devel-linux-x86_64-debian-clang | 1.1.1 | 82.17 | 95.76 | 177.93 | OK | |
r-devel-linux-x86_64-debian-gcc | 1.1.1 | 62.21 | 86.98 | 149.19 | OK | |
r-devel-linux-x86_64-fedora-clang | 1.1.1 | 359.43 | NOTE | |||
r-devel-linux-x86_64-fedora-gcc | 1.1.1 | 420.00 | NOTE | |||
r-devel-windows-x86_64 | 1.1.1 | 94.00 | 184.00 | 278.00 | OK | |
r-patched-linux-x86_64 | 1.1.1 | 82.59 | 129.95 | 212.54 | OK | |
r-release-linux-x86_64 | 1.1.1 | 86.79 | 118.18 | 204.97 | OK | |
r-release-macos-arm64 | 1.1.1 | 86.00 | OK | |||
r-release-macos-x86_64 | 1.1.1 | 151.00 | OK | |||
r-release-windows-x86_64 | 1.1.1 | 92.00 | 194.00 | 286.00 | OK | |
r-oldrel-macos-arm64 | 1.1.1 | 105.00 | NOTE | |||
r-oldrel-macos-x86_64 | 1.1.1 | 148.00 | NOTE | |||
r-oldrel-windows-x86_64 | 1.1.1 | 109.00 | 212.00 | 321.00 | OK |
Version: 1.1.1
Check: dependencies in R code
Result: NOTE
Namespace in Imports field not imported from: ‘R.rsp’
All declared Imports should be used.
Flavors: r-devel-linux-x86_64-fedora-clang, r-devel-linux-x86_64-fedora-gcc
Version: 1.1.1
Check: installed package size
Result: NOTE
installed size is 10.7Mb
sub-directories of 1Mb or more:
libs 9.9Mb
Flavors: r-oldrel-macos-arm64, r-oldrel-macos-x86_64