CRAN Package Check Results for Package AdvDif4

Last updated on 2025-05-05 01:50:40 CEST.

Flavor Version Tinstall Tcheck Ttotal Status Flags
r-devel-linux-x86_64-debian-clang 0.7.18 2.17 23.61 25.78 NOTE
r-devel-linux-x86_64-debian-gcc 0.7.18 1.61 17.29 18.90 NOTE
r-devel-linux-x86_64-fedora-clang 0.7.18 40.35 OK
r-devel-linux-x86_64-fedora-gcc 0.7.18 37.31 OK
r-devel-windows-x86_64 0.7.18 4.00 40.00 44.00 OK
r-patched-linux-x86_64 0.7.18 1.79 21.88 23.67 OK
r-release-linux-x86_64 0.7.18 1.74 21.87 23.61 OK
r-release-macos-arm64 0.7.18 19.00 OK
r-release-macos-x86_64 0.7.18 27.00 OK
r-release-windows-x86_64 0.7.18 4.00 41.00 45.00 OK
r-oldrel-macos-arm64 0.7.18 22.00 NOTE
r-oldrel-macos-x86_64 0.7.18 22.00 NOTE
r-oldrel-windows-x86_64 0.7.18 3.00 39.00 42.00 NOTE

Check Details

Version: 0.7.18
Check: CRAN incoming feasibility
Result: NOTE Maintainer: ‘Jader Lugon Junior <jlugonjr@gmail.com>’ No Authors@R field in DESCRIPTION. Please add one, modifying Authors@R: c(person(given = c("Jader", "Lugon"), family = "Junior", role = c("aut", "cre"), email = "jlugonjr@gmail.com"), person(given = c("Pedro", "Paulo", "Gomes", "Watts"), family = "Rodrigues", role = "aut"), person(given = "Luiz", family = "Bevilacqua", role = "aut"), person(given = c("Gisele", "Moraes"), family = "Marinho", role = "aut"), person(given = c("Diego", "Campos"), family = "Knupp", role = "aut"), person(given = c("Joao", "Flavio", "Vieira"), family = "Vasconcellos", role = "aut"), person(given = c("Antonio", "Jose", "da", "Silva"), family = "Neto.", role = "aut")) as necessary. Flavors: r-devel-linux-x86_64-debian-clang, r-devel-linux-x86_64-debian-gcc

Version: 0.7.18
Check: LazyData
Result: NOTE 'LazyData' is specified without a 'data' directory Flavors: r-oldrel-macos-arm64, r-oldrel-macos-x86_64, r-oldrel-windows-x86_64