Last updated on 2024-07-27 01:53:07 CEST.
Flavor | Version | Tinstall | Tcheck | Ttotal | Status | Flags |
---|---|---|---|---|---|---|
r-devel-linux-x86_64-debian-clang | 1.1.3 | 11.46 | 88.79 | 100.25 | OK | |
r-devel-linux-x86_64-debian-gcc | 1.1.3 | 8.76 | 65.56 | 74.32 | NOTE | |
r-devel-linux-x86_64-fedora-clang | 1.1.3 | 126.19 | OK | |||
r-devel-linux-x86_64-fedora-gcc | 1.1.3 | 130.34 | OK | |||
r-devel-windows-x86_64 | 1.1.3 | 12.00 | 88.00 | 100.00 | NOTE | |
r-patched-linux-x86_64 | 1.1.3 | OK | ||||
r-release-linux-x86_64 | 1.1.3 | 11.62 | 85.31 | 96.93 | OK | |
r-release-macos-arm64 | 1.1.3 | 42.00 | OK | |||
r-release-macos-x86_64 | 1.1.3 | 72.00 | OK | |||
r-release-windows-x86_64 | 1.1.3 | 12.00 | 87.00 | 99.00 | OK | |
r-oldrel-macos-arm64 | 1.1.3 | 42.00 | OK | |||
r-oldrel-macos-x86_64 | 1.1.3 | 78.00 | OK | |||
r-oldrel-windows-x86_64 | 1.1.3 | 17.00 | 98.00 | 115.00 | OK |
Version: 1.1.3
Check: Rd cross-references
Result: NOTE
Found the following Rd file(s) with Rd \link{} targets missing package
anchors:
AzureKusto.Rd: dbReadTable, dbWriteTable, dbGetQuery, dbSendStatement
DBI_query.Rd: dbConnect, dbReadTable, dbWriteTable
DBI_table.Rd: dbConnect
az_kusto.Rd: az_resource_group
copy_to.kusto_database_endpoint.Rd: collect
kusto-DBI.Rd: dbConnect, dbDisconnect, dbCanConnect, dbExistsTable,
dbCreateTable, dbRemoveTable, dbReadTable, dbWriteTable,
dbGetQuery, dbSendQuery, dbFetch, dbSendStatement, dbExecute,
dbListFields, dbColumnInfo
Please provide package anchors for all Rd \link{} targets not in the
package itself and the base packages.
Flavors: r-devel-linux-x86_64-debian-gcc, r-devel-windows-x86_64