CRAN Package Check Results for Package BACCO

Last updated on 2025-05-04 02:50:00 CEST.

Flavor Version Tinstall Tcheck Ttotal Status Flags
r-devel-linux-x86_64-debian-clang 2.1-0 1.75 30.06 31.81 NOTE
r-devel-linux-x86_64-debian-gcc 2.1-0 1.61 24.59 26.20 NOTE
r-devel-linux-x86_64-fedora-clang 2.1-0 53.25 OK
r-devel-linux-x86_64-fedora-gcc 2.1-0 61.61 OK
r-devel-windows-x86_64 2.1-0 3.00 71.00 74.00 OK
r-patched-linux-x86_64 2.1-0 2.00 28.86 30.86 OK
r-release-linux-x86_64 OK
r-release-macos-arm64 2.1-0 35.00 OK
r-release-macos-x86_64 2.1-0 70.00 OK
r-release-windows-x86_64 2.1-0 4.00 71.00 75.00 OK
r-oldrel-macos-arm64 2.1-0 30.00 OK
r-oldrel-macos-x86_64 2.1-0 92.00 OK
r-oldrel-windows-x86_64 2.1-0 4.00 71.00 75.00 OK

Check Details

Version: 2.1-0
Check: CRAN incoming feasibility
Result: NOTE Maintainer: ‘Robin K. S. Hankin <hankin.robin@gmail.com>’ No Authors@R field in DESCRIPTION. Please add one, modifying Authors@R: person(given = c("Robin", "K.", "S."), family = "Hankin", role = c("aut", "cre"), email = "hankin.robin@gmail.com") as necessary. Flavors: r-devel-linux-x86_64-debian-clang, r-devel-linux-x86_64-debian-gcc