Last updated on 2025-05-06 02:50:12 CEST.
Flavor | Version | Tinstall | Tcheck | Ttotal | Status | Flags |
---|---|---|---|---|---|---|
r-devel-linux-x86_64-debian-clang | 0.1.1 | 1.73 | 16.68 | 18.41 | NOTE | |
r-devel-linux-x86_64-debian-gcc | 0.1.1 | 1.48 | 13.90 | 15.38 | NOTE | |
r-devel-linux-x86_64-fedora-clang | 0.1.1 | 29.43 | OK | |||
r-devel-linux-x86_64-fedora-gcc | 0.1.1 | 28.84 | OK | |||
r-devel-windows-x86_64 | 0.1.1 | 3.00 | 39.00 | 42.00 | OK | |
r-patched-linux-x86_64 | 0.1.1 | 1.82 | 16.04 | 17.86 | OK | |
r-release-linux-x86_64 | 0.1.1 | 1.45 | 16.12 | 17.57 | OK | |
r-release-macos-arm64 | 0.1.1 | 15.00 | OK | |||
r-release-macos-x86_64 | 0.1.1 | 22.00 | OK | |||
r-release-windows-x86_64 | 0.1.1 | 3.00 | 39.00 | 42.00 | OK | |
r-oldrel-macos-arm64 | 0.1.1 | 19.00 | NOTE | |||
r-oldrel-macos-x86_64 | 0.1.1 | 26.00 | NOTE | |||
r-oldrel-windows-x86_64 | 0.1.1 | 3.00 | 36.00 | 39.00 | NOTE |
Version: 0.1.1
Check: CRAN incoming feasibility
Result: NOTE
Maintainer: ‘Haoran Zhang <hzz0017@auburn.edu>’
No Authors@R field in DESCRIPTION.
Please add one, modifying
Authors@R: person(given = "Haoran",
family = "Zhang",
role = c("aut", "cre"),
email = "hzz0017@auburn.edu")
as necessary.
Flavors: r-devel-linux-x86_64-debian-clang, r-devel-linux-x86_64-debian-gcc
Version: 0.1.1
Check: LazyData
Result: NOTE
'LazyData' is specified without a 'data' directory
Flavors: r-oldrel-macos-arm64, r-oldrel-macos-x86_64, r-oldrel-windows-x86_64