Last updated on 2025-05-04 02:50:00 CEST.
Flavor | Version | Tinstall | Tcheck | Ttotal | Status | Flags |
---|---|---|---|---|---|---|
r-devel-linux-x86_64-debian-clang | 0.1.1 | 1.79 | 19.91 | 21.70 | NOTE | |
r-devel-linux-x86_64-debian-gcc | 0.1.1 | 1.67 | 15.93 | 17.60 | NOTE | |
r-devel-linux-x86_64-fedora-clang | 0.1.1 | 34.55 | OK | |||
r-devel-linux-x86_64-fedora-gcc | 0.1.1 | 32.35 | OK | |||
r-devel-windows-x86_64 | 0.1.1 | 3.00 | 48.00 | 51.00 | OK | |
r-patched-linux-x86_64 | 0.1.1 | 2.10 | 19.05 | 21.15 | OK | |
r-release-linux-x86_64 | OK | |||||
r-release-macos-arm64 | 0.1.1 | 17.00 | OK | |||
r-release-macos-x86_64 | 0.1.1 | 25.00 | OK | |||
r-release-windows-x86_64 | 0.1.1 | 3.00 | 40.00 | 43.00 | OK | |
r-oldrel-macos-arm64 | 0.1.1 | 21.00 | OK | |||
r-oldrel-macos-x86_64 | 0.1.1 | 30.00 | OK | |||
r-oldrel-windows-x86_64 | 0.1.1 | 3.00 | 43.00 | 46.00 | OK |
Version: 0.1.1
Check: CRAN incoming feasibility
Result: NOTE
Maintainer: ‘Nicola Lunardon <nicola.lunardon@unimib.it>’
No Authors@R field in DESCRIPTION.
Please add one, modifying
Authors@R: c(person(given = "Nicola",
family = "Lunardon",
role = c("aut", "cre"),
email = "nicola.lunardon@unimib.it"),
person(given = "Daniel",
family = "Scharfstein",
role = "aut",
email = "dscharf@jhu.edu"))
as necessary.
Flavors: r-devel-linux-x86_64-debian-clang, r-devel-linux-x86_64-debian-gcc