Last updated on 2024-07-27 01:53:07 CEST.
Flavor | Version | Tinstall | Tcheck | Ttotal | Status | Flags |
---|---|---|---|---|---|---|
r-devel-linux-x86_64-debian-clang | 0.1.1 | 31.80 | 104.90 | 136.70 | OK | |
r-devel-linux-x86_64-debian-gcc | 0.1.1 | 22.85 | 82.17 | 105.02 | OK | |
r-devel-linux-x86_64-fedora-clang | 0.1.1 | 174.39 | NOTE | |||
r-devel-linux-x86_64-fedora-gcc | 0.1.1 | 173.01 | NOTE | |||
r-devel-windows-x86_64 | 0.1.1 | 25.00 | 101.00 | 126.00 | OK | |
r-patched-linux-x86_64 | 0.1.1 | OK | ||||
r-release-linux-x86_64 | 0.1.1 | 16.15 | 102.88 | 119.03 | OK | |
r-release-macos-arm64 | 0.1.1 | 60.00 | OK | |||
r-release-macos-x86_64 | 0.1.1 | 109.00 | OK | |||
r-release-windows-x86_64 | 0.1.1 | 22.00 | 99.00 | 121.00 | OK | |
r-oldrel-macos-arm64 | 0.1.1 | 57.00 | OK | |||
r-oldrel-macos-x86_64 | 0.1.1 | 114.00 | OK | |||
r-oldrel-windows-x86_64 | 0.1.1 | 30.00 | 115.00 | 145.00 | OK |
Version: 0.1.1
Check: data for non-ASCII characters
Result: NOTE
Note: found 516 marked UTF-8 strings
Flavors: r-devel-linux-x86_64-fedora-clang, r-devel-linux-x86_64-fedora-gcc