Last updated on 2025-11-16 01:49:09 CET.
| Flavor | Version | Tinstall | Tcheck | Ttotal | Status | Flags |
|---|---|---|---|---|---|---|
| r-devel-linux-x86_64-debian-clang | 1.0.5 | 6.85 | 47.49 | 54.34 | OK | |
| r-devel-linux-x86_64-debian-gcc | 1.0.5 | 5.04 | 37.65 | 42.69 | NOTE | |
| r-devel-linux-x86_64-fedora-clang | 1.0.5 | 15.00 | 64.69 | 79.69 | OK | |
| r-devel-linux-x86_64-fedora-gcc | 1.0.5 | 28.00 | 65.83 | 93.83 | OK | |
| r-devel-windows-x86_64 | 1.0.5 | 15.00 | 85.00 | 100.00 | OK | |
| r-patched-linux-x86_64 | 1.0.5 | 7.47 | 46.02 | 53.49 | OK | |
| r-release-linux-x86_64 | 1.0.5 | 5.79 | 46.31 | 52.10 | OK | |
| r-release-macos-arm64 | 1.0.5 | 4.00 | 30.00 | 34.00 | OK | |
| r-release-macos-x86_64 | 1.0.5 | 6.00 | 61.00 | 67.00 | OK | |
| r-release-windows-x86_64 | 1.0.5 | 12.00 | 86.00 | 98.00 | OK | |
| r-oldrel-macos-arm64 | 1.0.5 | 3.00 | 35.00 | 38.00 | OK | |
| r-oldrel-macos-x86_64 | 1.0.5 | 5.00 | 53.00 | 58.00 | OK | |
| r-oldrel-windows-x86_64 | 1.0.5 | 15.00 | 93.00 | 108.00 | OK |
Version: 1.0.5
Check: CRAN incoming feasibility
Result: NOTE
Maintainer: ‘Leo Belzile <belzilel@gmail.com>’
The BugReports field in DESCRIPTION has
https://github.com/lbelzile/BMAmevt/issues/
which should likely be
https://github.com/lbelzile/BMAmevt/issues/issues
instead.
Flavor: r-devel-linux-x86_64-debian-gcc