Last updated on 2025-11-13 01:50:15 CET.
| Flavor | Version | Tinstall | Tcheck | Ttotal | Status | Flags |
|---|---|---|---|---|---|---|
| r-devel-linux-x86_64-debian-clang | 0.1.4 | 38.54 | 34.44 | 72.98 | NOTE | |
| r-devel-linux-x86_64-debian-gcc | 0.1.4 | 31.18 | 27.15 | 58.33 | NOTE | |
| r-devel-linux-x86_64-fedora-clang | 0.1.4 | 111.00 | 26.54 | 137.54 | OK | |
| r-devel-linux-x86_64-fedora-gcc | 0.1.4 | 152.00 | -11.62 | 140.38 | OK | |
| r-devel-windows-x86_64 | 0.1.4 | 55.00 | 69.00 | 124.00 | OK | |
| r-patched-linux-x86_64 | 0.1.4 | 43.52 | 33.08 | 76.60 | OK | |
| r-release-linux-x86_64 | 0.1.4 | 43.72 | 33.30 | 77.02 | OK | |
| r-release-macos-arm64 | 0.1.4 | 18.00 | 22.00 | 40.00 | OK | |
| r-release-macos-x86_64 | 0.1.4 | 16.00 | 36.00 | 52.00 | OK | |
| r-release-windows-x86_64 | 0.1.4 | 51.00 | 70.00 | 121.00 | OK | |
| r-oldrel-macos-arm64 | 0.1.4 | 20.00 | 20.00 | 40.00 | OK | |
| r-oldrel-macos-x86_64 | 0.1.4 | 16.00 | 30.00 | 46.00 | OK | |
| r-oldrel-windows-x86_64 | 0.1.4 | 62.00 | 86.00 | 148.00 | OK |
Version: 0.1.4
Check: CRAN incoming feasibility
Result: NOTE
Maintainer: ‘Joe Suzuki <j-suzuki@sigmath.es.osaka-u.ac.jp>’
No Authors@R field in DESCRIPTION.
Please add one, modifying
Authors@R: c(person(given = "Joe",
family = "Suzuki",
role = c("aut", "cre"),
email = "j-suzuki@sigmath.es.osaka-u.ac.jp"),
person(given = "Jun",
family = "Kawahara",
role = "aut"))
as necessary.
Flavors: r-devel-linux-x86_64-debian-clang, r-devel-linux-x86_64-debian-gcc