Last updated on 2024-07-27 01:53:08 CEST.
Flavor | Version | Tinstall | Tcheck | Ttotal | Status | Flags |
---|---|---|---|---|---|---|
r-devel-linux-x86_64-debian-clang | 3.2.5 | 47.15 | 135.30 | 182.45 | OK | |
r-devel-linux-x86_64-debian-gcc | 3.2.5 | 32.69 | 100.59 | 133.28 | OK | |
r-devel-linux-x86_64-fedora-clang | 3.2.5 | 264.90 | OK | |||
r-devel-linux-x86_64-fedora-gcc | 3.2.5 | 240.01 | OK | |||
r-devel-windows-x86_64 | 3.2.5 | 43.00 | 142.00 | 185.00 | NOTE | |
r-patched-linux-x86_64 | 3.2.5 | OK | ||||
r-release-linux-x86_64 | 3.2.5 | 42.55 | 130.10 | 172.65 | OK | |
r-release-macos-arm64 | 3.2.5 | 68.00 | OK | |||
r-release-macos-x86_64 | 3.2.5 | 102.00 | OK | |||
r-release-windows-x86_64 | 3.2.5 | 49.00 | 134.00 | 183.00 | NOTE | |
r-oldrel-macos-arm64 | 3.2.5 | 70.00 | OK | |||
r-oldrel-macos-x86_64 | 3.2.5 | 117.00 | OK | |||
r-oldrel-windows-x86_64 | 3.2.5 | 52.00 | 170.00 | 222.00 | NOTE |
Version: 3.2.5
Check: C++ specification
Result: NOTE
Specified C++11: please drop specification unless essential
Flavors: r-devel-windows-x86_64, r-release-windows-x86_64, r-oldrel-windows-x86_64