Last updated on 2025-10-24 01:50:21 CEST.
| Flavor | Version | Tinstall | Tcheck | Ttotal | Status | Flags |
|---|---|---|---|---|---|---|
| r-devel-linux-x86_64-debian-clang | 1.0.0 | 20.68 | 49.65 | 70.33 | NOTE | |
| r-devel-linux-x86_64-debian-gcc | 1.0.0 | 22.36 | 34.31 | 56.67 | OK | |
| r-devel-linux-x86_64-fedora-clang | 1.0.0 | 40.00 | 69.28 | 109.28 | OK | |
| r-devel-linux-x86_64-fedora-gcc | 1.0.0 | 48.00 | 55.68 | 103.68 | OK | |
| r-devel-windows-x86_64 | 1.0.0 | 28.00 | 69.00 | 97.00 | OK | |
| r-patched-linux-x86_64 | 1.0.0 | 21.09 | 46.24 | 67.33 | OK | |
| r-release-linux-x86_64 | 1.0.0 | 20.19 | 46.33 | 66.52 | OK | |
| r-release-macos-arm64 | 1.0.0 | 15.00 | 21.00 | 36.00 | OK | |
| r-release-macos-x86_64 | 1.0.0 | 23.00 | 37.00 | 60.00 | OK | |
| r-release-windows-x86_64 | 1.0.0 | 26.00 | 74.00 | 100.00 | OK | |
| r-oldrel-macos-arm64 | 1.0.0 | 14.00 | 28.00 | 42.00 | OK | |
| r-oldrel-macos-x86_64 | 1.0.0 | 24.00 | 40.00 | 64.00 | OK | |
| r-oldrel-windows-x86_64 | 1.0.0 | 33.00 | 86.00 | 119.00 | OK |
Version: 1.0.0
Check: HTML version of manual
Result: NOTE
Found the following HTML validation problems:
arguments.configs.html:64:1 (arguments.configs.Rd:22): Warning: missing </ul> before </div>
arguments.series.html:98:1 (arguments.series.Rd:46): Warning: missing </ul> before </div>
Flavor: r-devel-linux-x86_64-debian-clang