Last updated on 2024-07-27 01:53:07 CEST.
Flavor | Version | Tinstall | Tcheck | Ttotal | Status | Flags |
---|---|---|---|---|---|---|
r-devel-linux-x86_64-debian-clang | 0.3.2 | 10.14 | 81.88 | 92.02 | OK | |
r-devel-linux-x86_64-debian-gcc | 0.3.2 | 6.51 | 61.42 | 67.93 | NOTE | |
r-devel-linux-x86_64-fedora-clang | 0.3.2 | 113.30 | OK | |||
r-devel-linux-x86_64-fedora-gcc | 0.3.2 | 119.93 | OK | |||
r-devel-windows-x86_64 | 0.3.2 | 11.00 | 91.00 | 102.00 | NOTE | |
r-patched-linux-x86_64 | 0.3.2 | OK | ||||
r-release-linux-x86_64 | 0.3.2 | 5.20 | 78.77 | 83.97 | OK | |
r-release-macos-arm64 | 0.3.2 | 41.00 | OK | |||
r-release-macos-x86_64 | 0.3.2 | 106.00 | OK | |||
r-release-windows-x86_64 | 0.3.2 | 11.00 | 90.00 | 101.00 | OK | |
r-oldrel-macos-arm64 | 0.3.2 | 48.00 | OK | |||
r-oldrel-macos-x86_64 | 0.3.2 | 90.00 | OK | |||
r-oldrel-windows-x86_64 | 0.3.2 | 11.00 | 100.00 | 111.00 | OK |
Version: 0.3.2
Check: Rd cross-references
Result: NOTE
Found the following Rd file(s) with Rd \link{} targets missing package
anchors:
AgeC14_Computation.Rd: rjags
AgeS_Computation.Rd: rjags, runjags
Age_Computation.Rd: jags.model, rjags
Age_OSLC14.Rd: rjags, runjags
Generate_DataFile-deprecated.Rd: read_BIN2R, Luminescence
Generate_DataFile_MG-deprecated.Rd: read_BIN2R
Model_Age.Rd: rjags
Model_AgeC14.Rd: rjags
Model_AgeS.Rd: rjags
Model_Palaeodose.Rd: rjags
Palaeodose_Computation.Rd: jags.model, rjags
create_DataFile.Rd: RLum.Analysis-class
plot_MCMC.Rd: rjags
plot_Scatterplots.Rd: rjags
Please provide package anchors for all Rd \link{} targets not in the
package itself and the base packages.
Flavors: r-devel-linux-x86_64-debian-gcc, r-devel-windows-x86_64