Last updated on 2025-05-06 02:50:12 CEST.
Flavor | Version | Tinstall | Tcheck | Ttotal | Status | Flags |
---|---|---|---|---|---|---|
r-devel-linux-x86_64-debian-clang | 1.1 | 2.46 | 39.01 | 41.47 | NOTE | |
r-devel-linux-x86_64-debian-gcc | 1.1 | 2.78 | 30.42 | 33.20 | NOTE | |
r-devel-linux-x86_64-fedora-clang | 1.1 | 68.08 | OK | |||
r-devel-linux-x86_64-fedora-gcc | 1.1 | 70.82 | OK | |||
r-devel-windows-x86_64 | 1.1 | 5.00 | 69.00 | 74.00 | OK | |
r-patched-linux-x86_64 | 1.1 | 3.18 | 36.86 | 40.04 | OK | |
r-release-linux-x86_64 | 1.1 | 2.40 | 37.05 | 39.45 | OK | |
r-release-macos-arm64 | 1.1 | 26.00 | OK | |||
r-release-macos-x86_64 | 1.1 | 62.00 | OK | |||
r-release-windows-x86_64 | 1.1 | 5.00 | 71.00 | 76.00 | OK | |
r-oldrel-macos-arm64 | 1.1 | 30.00 | OK | |||
r-oldrel-macos-x86_64 | 1.1 | 41.00 | OK | |||
r-oldrel-windows-x86_64 | 1.1 | 6.00 | 76.00 | 82.00 | OK |
Version: 1.1
Check: CRAN incoming feasibility
Result: NOTE
Maintainer: ‘Li-Syuan Hong <lisyuan@nhri.org.tw>’
No Authors@R field in DESCRIPTION.
Please add one, modifying
Authors@R: person(given = "Li-Syuan",
family = "Hong",
role = c("aut", "cre"),
email = "lisyuan@nhri.org.tw")
as necessary.
Flavors: r-devel-linux-x86_64-debian-clang, r-devel-linux-x86_64-debian-gcc