Last updated on 2025-02-10 02:49:48 CET.
Flavor | Version | Tinstall | Tcheck | Ttotal | Status | Flags |
---|---|---|---|---|---|---|
r-devel-linux-x86_64-debian-clang | 5.2 | 6.42 | 379.96 | 386.38 | NOTE | |
r-devel-linux-x86_64-debian-gcc | 5.2 | 4.43 | 208.91 | 213.34 | NOTE | |
r-devel-linux-x86_64-fedora-clang | 5.2 | 682.17 | NOTE | |||
r-devel-linux-x86_64-fedora-gcc | 5.2 | 735.29 | NOTE | |||
r-devel-windows-x86_64 | 5.2 | 8.00 | 363.00 | 371.00 | NOTE | |
r-patched-linux-x86_64 | 5.2 | 6.29 | 348.73 | 355.02 | NOTE | |
r-release-linux-x86_64 | 5.2 | 5.88 | 348.48 | 354.36 | NOTE | |
r-release-macos-arm64 | 5.2 | 284.00 | NOTE | |||
r-release-macos-x86_64 | 5.2 | 414.00 | NOTE | |||
r-release-windows-x86_64 | 5.2 | 7.00 | 384.00 | 391.00 | NOTE | |
r-oldrel-macos-arm64 | 5.2 | 260.00 | OK | |||
r-oldrel-macos-x86_64 | 5.2 | 381.00 | OK | |||
r-oldrel-windows-x86_64 | 5.2 | 7.00 | 454.00 | 461.00 | OK |
Version: 5.2
Check: Rd files
Result: NOTE
checkRd: (-1) gMLE.bb.Rd:18: Lost braces
18 | \item{optim.method}{optimization method in \code{optim()}{stats}.}
| ^
Flavors: r-devel-linux-x86_64-debian-clang, r-devel-linux-x86_64-debian-gcc, r-devel-linux-x86_64-fedora-clang, r-devel-linux-x86_64-fedora-gcc, r-devel-windows-x86_64, r-patched-linux-x86_64, r-release-linux-x86_64, r-release-macos-arm64, r-release-macos-x86_64, r-release-windows-x86_64