Last updated on 2024-07-27 01:53:07 CEST.
Flavor | Version | Tinstall | Tcheck | Ttotal | Status | Flags |
---|---|---|---|---|---|---|
r-devel-linux-x86_64-debian-clang | 1.0.0 | 369.46 | 256.65 | 626.11 | NOTE | |
r-devel-linux-x86_64-debian-gcc | 1.0.0 | 316.39 | 215.71 | 532.10 | NOTE | |
r-devel-linux-x86_64-fedora-clang | 1.0.0 | 854.70 | NOTE | |||
r-devel-linux-x86_64-fedora-gcc | 1.0.0 | 1074.91 | NOTE | |||
r-devel-windows-x86_64 | 1.0.0 | 322.00 | 253.00 | 575.00 | NOTE | |
r-patched-linux-x86_64 | 1.0.0 | NOTE | ||||
r-release-linux-x86_64 | 1.0.0 | 0.03 | 2.63 | 2.66 | ERROR | |
r-release-macos-arm64 | 1.0.0 | 213.00 | NOTE | |||
r-release-macos-x86_64 | 1.0.0 | 320.00 | NOTE | |||
r-release-windows-x86_64 | 1.0.0 | 329.00 | 248.00 | 577.00 | NOTE | |
r-oldrel-macos-arm64 | 1.0.0 | 191.00 | NOTE | |||
r-oldrel-macos-x86_64 | 1.0.0 | 515.00 | NOTE | |||
r-oldrel-windows-x86_64 | 1.0.0 | 398.00 | 280.00 | 678.00 | NOTE |
Version: 1.0.0
Check: for GNU extensions in Makefiles
Result: NOTE
GNU make is a SystemRequirements.
Flavors: r-devel-linux-x86_64-debian-clang, r-devel-linux-x86_64-debian-gcc, r-devel-linux-x86_64-fedora-clang, r-devel-linux-x86_64-fedora-gcc, r-devel-windows-x86_64, r-patched-linux-x86_64, r-release-macos-arm64, r-release-macos-x86_64, r-release-windows-x86_64, r-oldrel-macos-arm64, r-oldrel-macos-x86_64, r-oldrel-windows-x86_64
Version: 1.0.0
Check: installed package size
Result: NOTE
installed size is 5.2Mb
sub-directories of 1Mb or more:
libs 3.6Mb
Flavors: r-devel-linux-x86_64-fedora-clang, r-release-macos-arm64, r-release-macos-x86_64, r-oldrel-macos-arm64, r-oldrel-macos-x86_64
Version: 1.0.0
Check: whether package can be installed
Result: ERROR
Installation failed.
Flavor: r-release-linux-x86_64