Last updated on 2024-07-27 01:53:07 CEST.
Flavor | Version | Tinstall | Tcheck | Ttotal | Status | Flags |
---|---|---|---|---|---|---|
r-devel-linux-x86_64-debian-clang | 0.3-1.5 | 23.40 | 30.89 | 54.29 | OK | |
r-devel-linux-x86_64-debian-gcc | 0.3-1.5 | 14.24 | 24.13 | 38.37 | OK | |
r-devel-linux-x86_64-fedora-clang | 0.3-1.5 | 92.45 | NOTE | |||
r-devel-linux-x86_64-fedora-gcc | 0.3-1.5 | 71.24 | NOTE | |||
r-devel-windows-x86_64 | 0.3-1.5 | 21.00 | 62.00 | 83.00 | OK | |
r-patched-linux-x86_64 | 0.3-1.5 | OK | ||||
r-release-linux-x86_64 | 0.3-1.5 | 17.11 | 29.10 | 46.21 | OK | |
r-release-macos-arm64 | 0.3-1.5 | 23.00 | OK | |||
r-release-macos-x86_64 | 0.3-1.5 | 30.00 | OK | |||
r-release-windows-x86_64 | 0.3-1.5 | 23.00 | 58.00 | 81.00 | OK | |
r-oldrel-macos-arm64 | 0.3-1.5 | 30.00 | OK | |||
r-oldrel-macos-x86_64 | 0.3-1.5 | 77.00 | OK | |||
r-oldrel-windows-x86_64 | 0.3-1.5 | 20.00 | 70.00 | 90.00 | OK |
Version: 0.3-1.5
Check: compiled code
Result: NOTE
File ‘BayesTree/libs/BayesTree.so’:
Found no calls to: ‘R_registerRoutines’, ‘R_useDynamicSymbols’
It is good practice to register native routines and to disable symbol
search.
See ‘Writing portable packages’ in the ‘Writing R Extensions’ manual.
Flavors: r-devel-linux-x86_64-fedora-clang, r-devel-linux-x86_64-fedora-gcc