Last updated on 2024-07-27 01:53:07 CEST.
Flavor | Version | Tinstall | Tcheck | Ttotal | Status | Flags |
---|---|---|---|---|---|---|
r-devel-linux-x86_64-debian-clang | 0.1.8 | 31.15 | 285.19 | 316.34 | NOTE | |
r-devel-linux-x86_64-debian-gcc | 0.1.8 | 22.99 | 209.62 | 232.61 | NOTE | |
r-devel-linux-x86_64-fedora-clang | 0.1.8 | 425.50 | NOTE | |||
r-devel-linux-x86_64-fedora-gcc | 0.1.8 | 411.13 | NOTE | |||
r-devel-windows-x86_64 | 0.1.8 | 31.00 | 236.00 | 267.00 | NOTE | |
r-patched-linux-x86_64 | 0.1.8 | NOTE | ||||
r-release-linux-x86_64 | 0.1.8 | 20.41 | 276.61 | 297.02 | NOTE | |
r-release-macos-arm64 | 0.1.8 | 98.00 | NOTE | |||
r-release-macos-x86_64 | 0.1.8 | 153.00 | NOTE | |||
r-release-windows-x86_64 | 0.1.8 | 31.00 | 225.00 | 256.00 | NOTE | |
r-oldrel-macos-arm64 | 0.1.8 | 111.00 | OK | |||
r-oldrel-macos-x86_64 | 0.1.8 | 182.00 | NOTE | |||
r-oldrel-windows-x86_64 | 0.1.8 | 37.00 | 306.00 | 343.00 | OK |
Version: 0.1.8
Check: Rd files
Result: NOTE
checkRd: (-1) DE.Rd:43: Lost braces in \itemize; meant \describe ?
checkRd: (-1) DE.Rd:44: Lost braces in \itemize; meant \describe ?
checkRd: (-1) DE.Rd:45: Lost braces in \itemize; meant \describe ?
checkRd: (-1) DE.Rd:46: Lost braces in \itemize; meant \describe ?
checkRd: (-1) DEzs.Rd:58: Lost braces in \itemize; meant \describe ?
checkRd: (-1) DEzs.Rd:59: Lost braces in \itemize; meant \describe ?
checkRd: (-1) DEzs.Rd:60: Lost braces in \itemize; meant \describe ?
checkRd: (-1) DEzs.Rd:61: Lost braces in \itemize; meant \describe ?
Flavors: r-devel-linux-x86_64-debian-clang, r-devel-linux-x86_64-debian-gcc, r-devel-linux-x86_64-fedora-clang, r-devel-linux-x86_64-fedora-gcc, r-devel-windows-x86_64, r-patched-linux-x86_64, r-release-linux-x86_64, r-release-macos-arm64, r-release-macos-x86_64, r-release-windows-x86_64
Version: 0.1.8
Check: package dependencies
Result: NOTE
Package suggested but not available for checking: ‘sensitivity’
Flavor: r-oldrel-macos-x86_64