Last updated on 2024-07-27 01:53:07 CEST.
Flavor | Version | Tinstall | Tcheck | Ttotal | Status | Flags |
---|---|---|---|---|---|---|
r-devel-linux-x86_64-debian-clang | 1.0.10 | 4.60 | 62.61 | 67.21 | NOTE | |
r-devel-linux-x86_64-debian-gcc | 1.0.10 | 3.99 | 48.81 | 52.80 | NOTE | |
r-devel-linux-x86_64-fedora-clang | 1.0.10 | 85.66 | NOTE | |||
r-devel-linux-x86_64-fedora-gcc | 1.0.10 | 83.13 | NOTE | |||
r-devel-windows-x86_64 | 1.0.10 | 5.00 | 71.00 | 76.00 | OK | |
r-patched-linux-x86_64 | 1.0.10 | NOTE | ||||
r-release-linux-x86_64 | 1.0.10 | 5.76 | 60.86 | 66.62 | NOTE | |
r-release-macos-arm64 | 1.0.10 | 29.00 | OK | |||
r-release-macos-x86_64 | 1.0.10 | 80.00 | OK | |||
r-release-windows-x86_64 | 1.0.10 | 6.00 | 69.00 | 75.00 | OK | |
r-oldrel-macos-arm64 | 1.0.10 | 32.00 | OK | |||
r-oldrel-macos-x86_64 | 1.0.10 | 32.00 | OK | |||
r-oldrel-windows-x86_64 | 1.0.10 | 5.00 | 83.00 | 88.00 | OK |
Version: 1.0.10
Check: for non-standard things in the check directory
Result: NOTE
Found the following files/directories:
‘fabiabreast.txt’
Flavors: r-devel-linux-x86_64-debian-clang, r-devel-linux-x86_64-debian-gcc, r-devel-linux-x86_64-fedora-clang, r-devel-linux-x86_64-fedora-gcc, r-patched-linux-x86_64, r-release-linux-x86_64