Last updated on 2024-07-27 01:53:07 CEST.
Flavor | Version | Tinstall | Tcheck | Ttotal | Status | Flags |
---|---|---|---|---|---|---|
r-devel-linux-x86_64-debian-clang | 1.1.5 | 239.76 | 163.53 | 403.29 | OK | |
r-devel-linux-x86_64-debian-gcc | 1.1.5 | 181.93 | 133.34 | 315.27 | OK | |
r-devel-linux-x86_64-fedora-clang | 1.1.5 | 518.98 | NOTE | |||
r-devel-linux-x86_64-fedora-gcc | 1.1.5 | 610.90 | NOTE | |||
r-devel-windows-x86_64 | 1.1.5 | 187.00 | 188.00 | 375.00 | OK | |
r-patched-linux-x86_64 | 1.1.5 | OK | ||||
r-release-linux-x86_64 | 1.1.5 | 165.16 | 171.46 | 336.62 | OK | |
r-release-macos-arm64 | 1.1.5 | 133.00 | NOTE | |||
r-release-macos-x86_64 | 1.1.5 | 270.00 | NOTE | |||
r-release-windows-x86_64 | 1.1.5 | 180.00 | 185.00 | 365.00 | OK | |
r-oldrel-macos-arm64 | 1.1.5 | 125.00 | NOTE | |||
r-oldrel-macos-x86_64 | 1.1.5 | 230.00 | NOTE | |||
r-oldrel-windows-x86_64 | 1.1.5 | 234.00 | 198.00 | 432.00 | OK |
Version: 1.1.5
Check: for GNU extensions in Makefiles
Result: NOTE
GNU make is a SystemRequirements.
Flavors: r-devel-linux-x86_64-fedora-clang, r-devel-linux-x86_64-fedora-gcc, r-release-macos-arm64, r-release-macos-x86_64, r-oldrel-macos-arm64, r-oldrel-macos-x86_64
Version: 1.1.5
Check: installed package size
Result: NOTE
installed size is 62.8Mb
sub-directories of 1Mb or more:
libs 62.2Mb
Flavors: r-release-macos-arm64, r-release-macos-x86_64, r-oldrel-macos-arm64, r-oldrel-macos-x86_64