Last updated on 2024-07-27 01:53:07 CEST.
Flavor | Version | Tinstall | Tcheck | Ttotal | Status | Flags |
---|---|---|---|---|---|---|
r-devel-linux-x86_64-debian-clang | 2.2 | 3.71 | 40.53 | 44.24 | OK | |
r-devel-linux-x86_64-debian-gcc | 2.2 | 3.28 | 31.14 | 34.42 | OK | |
r-devel-linux-x86_64-fedora-clang | 2.2 | 58.29 | NOTE | |||
r-devel-linux-x86_64-fedora-gcc | 2.2 | 53.10 | NOTE | |||
r-devel-windows-x86_64 | 2.2 | 5.00 | 52.00 | 57.00 | OK | |
r-patched-linux-x86_64 | 2.2 | OK | ||||
r-release-linux-x86_64 | 2.2 | 3.71 | 39.33 | 43.04 | OK | |
r-release-macos-arm64 | 2.2 | 22.00 | OK | |||
r-release-macos-x86_64 | 2.2 | 33.00 | OK | |||
r-release-windows-x86_64 | 2.2 | 4.00 | 52.00 | 56.00 | OK | |
r-oldrel-macos-arm64 | 2.2 | 27.00 | OK | |||
r-oldrel-macos-x86_64 | 2.2 | 53.00 | OK | |||
r-oldrel-windows-x86_64 | 2.2 | 5.00 | 56.00 | 61.00 | OK |
Version: 2.2
Check: data for non-ASCII characters
Result: NOTE
Note: found 42 marked UTF-8 strings
Flavors: r-devel-linux-x86_64-fedora-clang, r-devel-linux-x86_64-fedora-gcc