Last updated on 2025-11-27 01:48:27 CET.
| Flavor | Version | Tinstall | Tcheck | Ttotal | Status | Flags |
|---|---|---|---|---|---|---|
| r-devel-linux-x86_64-debian-clang | 1.0.0 | 26.26 | 101.24 | 127.50 | NOTE | |
| r-devel-linux-x86_64-debian-gcc | 1.0.0 | 19.54 | 75.21 | 94.75 | NOTE | |
| r-devel-linux-x86_64-fedora-clang | 1.0.0 | 146.00 | 70.93 | 216.93 | NOTE | |
| r-devel-linux-x86_64-fedora-gcc | 1.0.0 | 60.00 | 152.79 | 212.79 | NOTE | |
| r-devel-windows-x86_64 | 1.0.0 | 40.00 | 156.00 | 196.00 | NOTE | |
| r-patched-linux-x86_64 | 1.0.0 | 25.66 | 95.03 | 120.69 | NOTE | |
| r-release-linux-x86_64 | 1.0.0 | 26.01 | 94.02 | 120.03 | NOTE | |
| r-release-macos-arm64 | 1.0.0 | NOTE | ||||
| r-release-macos-x86_64 | 1.0.0 | 18.00 | 115.00 | 133.00 | NOTE | |
| r-release-windows-x86_64 | 1.0.0 | 33.00 | 124.00 | 157.00 | NOTE | |
| r-oldrel-macos-arm64 | 1.0.0 | NOTE | ||||
| r-oldrel-macos-x86_64 | 1.0.0 | 16.00 | 86.00 | 102.00 | NOTE | |
| r-oldrel-windows-x86_64 | 1.0.0 | 44.00 | 161.00 | 205.00 | NOTE |
Version: 1.0.0
Check: C++ specification
Result: NOTE
Specified C++11: please drop specification unless essential
Flavors: r-devel-linux-x86_64-debian-clang, r-devel-linux-x86_64-debian-gcc, r-devel-windows-x86_64, r-patched-linux-x86_64, r-release-linux-x86_64, r-release-macos-arm64, r-release-macos-x86_64, r-release-windows-x86_64, r-oldrel-macos-arm64, r-oldrel-macos-x86_64, r-oldrel-windows-x86_64
Version: 1.0.0
Check: C++ specification
Result: NOTE
Specified C++11: support will be removed soon
Flavors: r-devel-linux-x86_64-fedora-clang, r-devel-linux-x86_64-fedora-gcc
Version: 1.0.0
Check: LazyData
Result: NOTE
'LazyData' is specified without a 'data' directory
Flavors: r-oldrel-macos-arm64, r-oldrel-macos-x86_64, r-oldrel-windows-x86_64