Last updated on 2025-05-06 02:50:12 CEST.
Flavor | Version | Tinstall | Tcheck | Ttotal | Status | Flags |
---|---|---|---|---|---|---|
r-devel-linux-x86_64-debian-clang | 1.0 | 1.69 | 17.37 | 19.06 | NOTE | |
r-devel-linux-x86_64-debian-gcc | 1.0 | 1.38 | 14.17 | 15.55 | NOTE | |
r-devel-linux-x86_64-fedora-clang | 1.0 | 29.30 | OK | |||
r-devel-linux-x86_64-fedora-gcc | 1.0 | 29.77 | OK | |||
r-devel-windows-x86_64 | 1.0 | 4.00 | 36.00 | 40.00 | OK | |
r-patched-linux-x86_64 | 1.0 | 1.85 | 16.76 | 18.61 | OK | |
r-release-linux-x86_64 | 1.0 | 1.81 | 16.39 | 18.20 | OK | |
r-release-macos-arm64 | 1.0 | 14.00 | OK | |||
r-release-macos-x86_64 | 1.0 | 33.00 | OK | |||
r-release-windows-x86_64 | 1.0 | 4.00 | 35.00 | 39.00 | OK | |
r-oldrel-macos-arm64 | 1.0 | 18.00 | OK | |||
r-oldrel-macos-x86_64 | 1.0 | 26.00 | OK | |||
r-oldrel-windows-x86_64 | 1.0 | 3.00 | 35.00 | 38.00 | OK |
Version: 1.0
Check: CRAN incoming feasibility
Result: NOTE
Maintainer: ‘Paula Saavedra-Nieves <paula.saavedra@usc.es>’
No Authors@R field in DESCRIPTION.
Please add one, modifying
Authors@R: c(person(given = "Alejandro",
family = "Saavedra-Nieves",
role = "aut"),
person(given = "Paula",
family = "Saavedra-Nieves",
role = c("aut", "cre"),
email = "paula.saavedra@usc.es"))
as necessary.
Flavors: r-devel-linux-x86_64-debian-clang, r-devel-linux-x86_64-debian-gcc