CRAN Package Check Results for Package BootMRMR

Last updated on 2025-05-07 01:49:50 CEST.

Flavor Version Tinstall Tcheck Ttotal Status Flags
r-devel-linux-x86_64-debian-clang 0.1 2.05 40.25 42.30 NOTE
r-devel-linux-x86_64-debian-gcc 0.1 1.68 28.88 30.56 NOTE
r-devel-linux-x86_64-fedora-clang 0.1 69.16 OK
r-devel-linux-x86_64-fedora-gcc 0.1 71.11 OK
r-devel-windows-x86_64 0.1 3.00 58.00 61.00 OK
r-patched-linux-x86_64 0.1 2.15 37.63 39.78 OK
r-release-linux-x86_64 0.1 2.12 40.53 42.65 OK
r-release-macos-arm64 0.1 22.00 OK
r-release-macos-x86_64 0.1 64.00 OK
r-release-windows-x86_64 0.1 4.00 57.00 61.00 OK
r-oldrel-macos-arm64 0.1 25.00 OK
r-oldrel-macos-x86_64 0.1 52.00 OK
r-oldrel-windows-x86_64 0.1 4.00 56.00 60.00 OK

Check Details

Version: 0.1
Check: CRAN incoming feasibility
Result: NOTE Maintainer: ‘Samarendra Das <samarendra4849@gmail.com>’ No Authors@R field in DESCRIPTION. Please add one, modifying Authors@R: person(given = "Samarendra", family = "Das", role = c("aut", "cre"), email = "samarendra4849@gmail.com") as necessary. Flavors: r-devel-linux-x86_64-debian-clang, r-devel-linux-x86_64-debian-gcc