Last updated on 2024-07-27 01:53:07 CEST.
Flavor | Version | Tinstall | Tcheck | Ttotal | Status | Flags |
---|---|---|---|---|---|---|
r-devel-linux-x86_64-debian-clang | 8.0.0 | 3.22 | 98.88 | 102.10 | OK | |
r-devel-linux-x86_64-debian-gcc | 8.0.0 | 2.24 | 83.34 | 85.58 | NOTE | |
r-devel-linux-x86_64-fedora-clang | 8.0.0 | 159.50 | OK | |||
r-devel-linux-x86_64-fedora-gcc | 8.0.0 | 149.76 | OK | |||
r-devel-windows-x86_64 | 8.0.0 | 3.00 | 113.00 | 116.00 | NOTE | |
r-patched-linux-x86_64 | 8.0.0 | OK | ||||
r-release-linux-x86_64 | 8.0.0 | 2.54 | 97.30 | 99.84 | OK | |
r-release-macos-arm64 | 8.0.0 | 51.00 | OK | |||
r-release-macos-x86_64 | 8.0.0 | 66.00 | OK | |||
r-release-windows-x86_64 | 8.0.0 | 3.00 | 113.00 | 116.00 | OK | |
r-oldrel-macos-arm64 | 8.0.0 | 55.00 | OK | |||
r-oldrel-macos-x86_64 | 8.0.0 | 74.00 | OK | |||
r-oldrel-windows-x86_64 | 8.0.0 | 4.00 | 113.00 | 117.00 | OK |
Version: 8.0.0
Check: Rd cross-references
Result: NOTE
Found the following Rd file(s) with Rd \link{} targets missing package
anchors:
getImpExtra.Rd: ranger
getImpLegacyRf.Rd: ranger
getImpRf.Rd: ranger
Please provide package anchors for all Rd \link{} targets not in the
package itself and the base packages.
Flavors: r-devel-linux-x86_64-debian-gcc, r-devel-windows-x86_64