Last updated on 2024-07-27 01:53:08 CEST.
Flavor | Version | Tinstall | Tcheck | Ttotal | Status | Flags |
---|---|---|---|---|---|---|
r-devel-linux-x86_64-debian-clang | 1.1-2 | 9.15 | 122.59 | 131.74 | OK | |
r-devel-linux-x86_64-debian-gcc | 1.1-2 | 9.68 | 91.32 | 101.00 | NOTE | |
r-devel-linux-x86_64-fedora-clang | 1.1-2 | 164.66 | OK | |||
r-devel-linux-x86_64-fedora-gcc | 1.1-2 | 171.86 | OK | |||
r-devel-windows-x86_64 | 1.1-2 | 10.00 | 118.00 | 128.00 | NOTE | |
r-patched-linux-x86_64 | 1.1-2 | OK | ||||
r-release-linux-x86_64 | 1.1-2 | 10.30 | 119.45 | 129.75 | OK | |
r-release-macos-arm64 | 1.1-2 | 63.00 | OK | |||
r-release-macos-x86_64 | 1.1-2 | 83.00 | OK | |||
r-release-windows-x86_64 | 1.1-2 | 10.00 | 118.00 | 128.00 | OK | |
r-oldrel-macos-arm64 | 1.1-2 | 65.00 | OK | |||
r-oldrel-macos-x86_64 | 1.1-2 | 91.00 | OK | |||
r-oldrel-windows-x86_64 | 1.1-2 | 13.00 | 135.00 | 148.00 | OK |
Version: 1.1-2
Check: Rd cross-references
Result: NOTE
Found the following Rd file(s) with Rd \link{} targets missing package
anchors:
predict.BTm.Rd: predict.glmmPQL
Please provide package anchors for all Rd \link{} targets not in the
package itself and the base packages.
Flavors: r-devel-linux-x86_64-debian-gcc, r-devel-windows-x86_64