CRAN Package Check Results for Package Bvalue

Last updated on 2025-05-07 01:49:50 CEST.

Flavor Version Tinstall Tcheck Ttotal Status Flags
r-devel-linux-x86_64-debian-clang 1.0 1.77 18.07 19.84 NOTE
r-devel-linux-x86_64-debian-gcc 1.0 1.53 15.06 16.59 NOTE
r-devel-linux-x86_64-fedora-clang 1.0 30.99 OK
r-devel-linux-x86_64-fedora-gcc 1.0 30.25 OK
r-devel-windows-x86_64 1.0 3.00 38.00 41.00 OK
r-patched-linux-x86_64 1.0 1.66 17.35 19.01 OK
r-release-linux-x86_64 1.0 1.73 16.96 18.69 OK
r-release-macos-arm64 1.0 15.00 OK
r-release-macos-x86_64 1.0 25.00 OK
r-release-windows-x86_64 1.0 3.00 42.00 45.00 OK
r-oldrel-macos-arm64 1.0 19.00 OK
r-oldrel-macos-x86_64 1.0 22.00 OK
r-oldrel-windows-x86_64 1.0 3.00 39.00 42.00 OK

Check Details

Version: 1.0
Check: CRAN incoming feasibility
Result: NOTE Maintainer: ‘Yi Zhao <zhaoyi1026@gmail.com>’ No Authors@R field in DESCRIPTION. Please add one, modifying Authors@R: c(person(given = c("Yi", "Zhao", "Brian", "Caffo", "<bcaffo@gmail.com>", "Joshua", "Ewen"), family = "<ewen@kennedykrieger.org>", role = "aut", email = "ewen@kennedykrieger.org"), person(given = "Yi", family = "Zhao", role = "cre", email = "zhaoyi1026@gmail.com")) as necessary. The Description field contains <arXiv:1912.13084> for details. Please refer to arXiv e-prints via their arXiv DOI <doi:10.48550/arXiv.YYMM.NNNNN>. Flavors: r-devel-linux-x86_64-debian-clang, r-devel-linux-x86_64-debian-gcc