Last updated on 2025-05-05 01:50:42 CEST.
Flavor | Version | Tinstall | Tcheck | Ttotal | Status | Flags |
---|---|---|---|---|---|---|
r-devel-linux-x86_64-debian-clang | 0.1.1 | 142.47 | 130.82 | 273.29 | OK | |
r-devel-linux-x86_64-debian-gcc | 0.1.1 | 124.55 | 106.10 | 230.65 | OK | |
r-devel-linux-x86_64-fedora-clang | 0.1.1 | 414.86 | NOTE | |||
r-devel-linux-x86_64-fedora-gcc | 0.1.1 | 532.95 | NOTE | |||
r-devel-windows-x86_64 | 0.1.1 | 154.00 | 149.00 | 303.00 | OK | |
r-patched-linux-x86_64 | 0.1.1 | 164.95 | 138.63 | 303.58 | OK | |
r-release-linux-x86_64 | 0.1.1 | 166.36 | 138.42 | 304.78 | OK | |
r-release-macos-arm64 | 0.1.1 | 107.00 | OK | |||
r-release-macos-x86_64 | 0.1.1 | 239.00 | OK | |||
r-release-windows-x86_64 | 0.1.1 | 158.00 | 155.00 | 313.00 | OK | |
r-oldrel-macos-arm64 | 0.1.1 | 64.00 | NOTE | |||
r-oldrel-macos-x86_64 | 0.1.1 | 114.00 | NOTE | |||
r-oldrel-windows-x86_64 | 0.1.1 | 176.00 | 192.00 | 368.00 | NOTE |
Version: 0.1.1
Check: dependencies in R code
Result: NOTE
Namespace in Imports field not imported from: ‘rstantools’
All declared Imports should be used.
Flavors: r-devel-linux-x86_64-fedora-clang, r-devel-linux-x86_64-fedora-gcc
Version: 0.1.1
Check: installed package size
Result: NOTE
installed size is 49.1Mb
sub-directories of 1Mb or more:
libs 48.8Mb
Flavors: r-oldrel-macos-arm64, r-oldrel-macos-x86_64
Version: 0.1.1
Check: for GNU extensions in Makefiles
Result: NOTE
GNU make is a SystemRequirements.
Flavors: r-oldrel-macos-arm64, r-oldrel-macos-x86_64, r-oldrel-windows-x86_64