CRAN Package Check Results for Package CCM

Last updated on 2025-05-07 01:49:51 CEST.

Flavor Version Tinstall Tcheck Ttotal Status Flags
r-devel-linux-x86_64-debian-clang 1.2 1.74 19.64 21.38 NOTE
r-devel-linux-x86_64-debian-gcc 1.2 1.31 15.97 17.28 NOTE
r-devel-linux-x86_64-fedora-clang 1.2 33.55 OK
r-devel-linux-x86_64-fedora-gcc 1.2 32.08 OK
r-devel-windows-x86_64 1.2 3.00 44.00 47.00 OK
r-patched-linux-x86_64 1.2 1.64 18.99 20.63 OK
r-release-linux-x86_64 1.2 1.56 19.21 20.77 OK
r-release-macos-arm64 1.2 17.00 OK
r-release-macos-x86_64 1.2 25.00 OK
r-release-windows-x86_64 1.2 3.00 44.00 47.00 OK
r-oldrel-macos-arm64 1.2 21.00 OK
r-oldrel-macos-x86_64 1.2 23.00 OK
r-oldrel-windows-x86_64 1.2 3.00 43.00 46.00 OK

Check Details

Version: 1.2
Check: CRAN incoming feasibility
Result: NOTE Maintainer: ‘Garrett M. Dancik <dancikg@easternct.edu>’ No Authors@R field in DESCRIPTION. Please add one, modifying Authors@R: c(person(given = c("Garrett", "M."), family = "Dancik", role = c("aut", "cre"), email = "dancikg@easternct.edu"), person(given = "Yuanbin", family = "Ru", role = "aut")) as necessary. Flavors: r-devel-linux-x86_64-debian-clang, r-devel-linux-x86_64-debian-gcc