Last updated on 2024-07-27 01:53:08 CEST.
Flavor | Version | Tinstall | Tcheck | Ttotal | Status | Flags |
---|---|---|---|---|---|---|
r-devel-linux-x86_64-debian-clang | 8.2-6 | 141.90 | 186.46 | 328.36 | NOTE | |
r-devel-linux-x86_64-debian-gcc | 8.2-6 | 92.97 | 132.95 | 225.92 | NOTE | |
r-devel-linux-x86_64-fedora-clang | 8.2-6 | 552.51 | NOTE | |||
r-devel-linux-x86_64-fedora-gcc | 8.2-6 | 427.28 | NOTE | |||
r-devel-windows-x86_64 | 8.2-6 | 116.00 | 177.00 | 293.00 | NOTE | |
r-patched-linux-x86_64 | 8.2-6 | NOTE | ||||
r-release-linux-x86_64 | 8.2-6 | 118.89 | 177.26 | 296.15 | NOTE | |
r-release-macos-arm64 | 8.2-6 | 151.00 | NOTE | |||
r-release-macos-x86_64 | 8.2-6 | 132.00 | NOTE | |||
r-release-windows-x86_64 | 8.2-6 | 147.00 | 170.00 | 317.00 | NOTE | |
r-oldrel-macos-arm64 | 8.2-6 | 109.00 | NOTE | |||
r-oldrel-macos-x86_64 | 8.2-6 | 200.00 | NOTE | |||
r-oldrel-windows-x86_64 | 8.2-6 | 136.00 | 219.00 | 355.00 | OK |
Version: 8.2-6
Check: Rd files
Result: NOTE
checkRd: (-1) data.dtmr.Rd:57: Lost braces; missing escapes or markup?
57 | \code{RU}: {Referent units}
| ^
checkRd: (-1) data.dtmr.Rd:59: Lost braces; missing escapes or markup?
59 | \code{PI}: {Partitioning and iterating attribute}
| ^
checkRd: (-1) data.dtmr.Rd:61: Lost braces; missing escapes or markup?
61 | \code{APP}: {Appropriateness attribute}
| ^
checkRd: (-1) data.dtmr.Rd:63: Lost braces; missing escapes or markup?
63 | \code{MC}: {Multiplicative Comparison attribute}
| ^
Flavors: r-devel-linux-x86_64-debian-clang, r-devel-linux-x86_64-debian-gcc, r-devel-linux-x86_64-fedora-clang, r-devel-linux-x86_64-fedora-gcc, r-devel-windows-x86_64, r-patched-linux-x86_64, r-release-linux-x86_64, r-release-macos-arm64, r-release-macos-x86_64, r-release-windows-x86_64
Version: 8.2-6
Check: installed package size
Result: NOTE
installed size is 6.1Mb
sub-directories of 1Mb or more:
data 1.3Mb
libs 3.3Mb
Flavors: r-release-macos-arm64, r-release-macos-x86_64, r-oldrel-macos-arm64, r-oldrel-macos-x86_64
Version: 8.2-6
Check: package dependencies
Result: NOTE
Package which this enhances but not available for checking: ‘mirt’
Flavor: r-oldrel-macos-x86_64
Version: 8.2-6
Check: Rd cross-references
Result: NOTE
Package unavailable to check Rd xrefs: ‘mirt’
Flavor: r-oldrel-macos-x86_64