Last updated on 2024-07-27 01:53:08 CEST.
Flavor | Version | Tinstall | Tcheck | Ttotal | Status | Flags |
---|---|---|---|---|---|---|
r-devel-linux-x86_64-debian-clang | 2.2.0 | 224.88 | 91.95 | 316.83 | OK | |
r-devel-linux-x86_64-debian-gcc | 2.2.0 | 165.79 | 72.04 | 237.83 | OK | |
r-devel-linux-x86_64-fedora-clang | 2.2.0 | 459.78 | OK | |||
r-devel-linux-x86_64-fedora-gcc | 2.2.0 | 535.69 | OK | |||
r-devel-windows-x86_64 | 2.2.0 | 174.00 | 117.00 | 291.00 | OK | |
r-patched-linux-x86_64 | 2.2.0 | OK | ||||
r-release-linux-x86_64 | 2.2.0 | 146.47 | 91.84 | 238.31 | OK | |
r-release-macos-arm64 | 2.2.0 | 105.00 | NOTE | |||
r-release-macos-x86_64 | 2.2.0 | 110.00 | NOTE | |||
r-release-windows-x86_64 | 2.2.0 | 186.00 | 109.00 | 295.00 | OK | |
r-oldrel-macos-arm64 | 2.2.0 | 108.00 | NOTE | |||
r-oldrel-macos-x86_64 | 2.2.0 | 146.00 | NOTE | |||
r-oldrel-windows-x86_64 | 2.2.0 | 217.00 | 138.00 | 355.00 | OK |
Version: 2.2.0
Check: installed package size
Result: NOTE
installed size is 21.0Mb
sub-directories of 1Mb or more:
libs 20.6Mb
Flavors: r-release-macos-arm64, r-release-macos-x86_64, r-oldrel-macos-arm64, r-oldrel-macos-x86_64