Last updated on 2025-05-04 02:50:01 CEST.
Flavor | Version | Tinstall | Tcheck | Ttotal | Status | Flags |
---|---|---|---|---|---|---|
r-devel-linux-x86_64-debian-clang | 2.1-1 | 1.89 | 19.18 | 21.07 | NOTE | |
r-devel-linux-x86_64-debian-gcc | 2.1-1 | 1.60 | 15.56 | 17.16 | NOTE | |
r-devel-linux-x86_64-fedora-clang | 2.1-1 | 33.05 | OK | |||
r-devel-linux-x86_64-fedora-gcc | 2.1-1 | 31.44 | OK | |||
r-devel-windows-x86_64 | 2.1-1 | 3.00 | 37.00 | 40.00 | OK | |
r-patched-linux-x86_64 | 2.1-1 | 2.21 | 18.40 | 20.61 | OK | |
r-release-linux-x86_64 | OK | |||||
r-release-macos-arm64 | 2.1-1 | 17.00 | OK | |||
r-release-macos-x86_64 | 2.1-1 | 24.00 | OK | |||
r-release-windows-x86_64 | 2.1-1 | 4.00 | 38.00 | 42.00 | OK | |
r-oldrel-macos-arm64 | 2.1-1 | 21.00 | OK | |||
r-oldrel-macos-x86_64 | 2.1-1 | 23.00 | OK | |||
r-oldrel-windows-x86_64 | 2.1-1 | 3.00 | 38.00 | 41.00 | OK |
Version: 2.1-1
Check: CRAN incoming feasibility
Result: NOTE
Maintainer: ‘Shan Ba <shanbatr@gmail.com>’
No Authors@R field in DESCRIPTION.
Please add one, modifying
Authors@R: c(person(given = "Shan",
family = "Ba",
role = c("aut", "cre"),
email = "shanbatr@gmail.com"),
person(given = c("V.", "Roshan"),
family = "Joseph",
role = "aut"))
as necessary.
Flavors: r-devel-linux-x86_64-debian-clang, r-devel-linux-x86_64-debian-gcc