CRAN Package Check Results for Package CITAN

Last updated on 2025-05-07 01:49:51 CEST.

Flavor Version Tinstall Tcheck Ttotal Status Flags
r-devel-linux-x86_64-debian-clang 2022.1.1 6.05 43.17 49.22 NOTE
r-devel-linux-x86_64-debian-gcc 2022.1.1 3.63 33.62 37.25 NOTE
r-devel-linux-x86_64-fedora-clang 2022.1.1 80.86 OK
r-devel-linux-x86_64-fedora-gcc 2022.1.1 78.90 OK
r-devel-windows-x86_64 2022.1.1 7.00 68.00 75.00 NOTE
r-patched-linux-x86_64 2022.1.1 6.76 41.75 48.51 NOTE
r-release-linux-x86_64 2022.1.1 5.99 41.62 47.61 NOTE
r-release-macos-arm64 2022.1.1 28.00 OK
r-release-macos-x86_64 2022.1.1 55.00 OK
r-release-windows-x86_64 2022.1.1 7.00 87.00 94.00 NOTE
r-oldrel-macos-arm64 2022.1.1 27.00 OK
r-oldrel-macos-x86_64 2022.1.1 44.00 OK
r-oldrel-windows-x86_64 2022.1.1 10.00 82.00 92.00 OK

Check Details

Version: 2022.1.1
Check: CRAN incoming feasibility
Result: NOTE Maintainer: ‘Marek Gagolewski <marek@gagolewski.com>’ Package CITATION file contains call(s) to old-style personList() or as.personList(). Please use c() on person objects instead. Flavors: r-devel-linux-x86_64-debian-clang, r-devel-linux-x86_64-debian-gcc

Version: 2022.1.1
Check: Rd cross-references
Result: NOTE Found the following Rd file(s) with Rd \link{} targets missing package anchors: dbExecQuery.Rd: dbSendQuery, dbClearResult, dbGetQuery lbsClear.Rd: dbCommit, dbRollback lbsDeleteAllAuthorsDocuments.Rd: dbCommit, dbRollback lbsTidy.Rd: dbCommit, dbRollback Please provide package anchors for all Rd \link{} targets not in the package itself and the base packages. Flavors: r-devel-linux-x86_64-debian-clang, r-devel-linux-x86_64-debian-gcc, r-devel-windows-x86_64, r-patched-linux-x86_64, r-release-linux-x86_64, r-release-windows-x86_64