Last updated on 2024-07-27 01:53:09 CEST.
Flavor | Version | Tinstall | Tcheck | Ttotal | Status | Flags |
---|---|---|---|---|---|---|
r-devel-linux-x86_64-debian-clang | 1.0.0 | 8.90 | 59.21 | 68.11 | OK | |
r-devel-linux-x86_64-debian-gcc | 1.0.0 | 6.73 | 45.22 | 51.95 | OK | |
r-devel-linux-x86_64-fedora-clang | 1.0.0 | 88.37 | NOTE | |||
r-devel-linux-x86_64-fedora-gcc | 1.0.0 | 78.56 | NOTE | |||
r-devel-windows-x86_64 | 1.0.0 | 11.00 | 61.00 | 72.00 | OK | |
r-patched-linux-x86_64 | 1.0.0 | OK | ||||
r-release-linux-x86_64 | 1.0.0 | 7.06 | 57.27 | 64.33 | OK | |
r-release-macos-arm64 | 1.0.0 | 28.00 | OK | |||
r-release-macos-x86_64 | 1.0.0 | 41.00 | OK | |||
r-release-windows-x86_64 | 1.0.0 | 8.00 | 61.00 | 69.00 | OK | |
r-oldrel-macos-arm64 | 1.0.0 | 31.00 | OK | |||
r-oldrel-macos-x86_64 | 1.0.0 | 43.00 | OK | |||
r-oldrel-windows-x86_64 | 1.0.0 | 11.00 | 68.00 | 79.00 | OK |
Version: 1.0.0
Check: data for non-ASCII characters
Result: NOTE
Note: found 11 marked Latin-1 strings
Note: found 57 marked UTF-8 strings
Flavors: r-devel-linux-x86_64-fedora-clang, r-devel-linux-x86_64-fedora-gcc