Last updated on 2024-07-27 01:53:09 CEST.
Flavor | Version | Tinstall | Tcheck | Ttotal | Status | Flags |
---|---|---|---|---|---|---|
r-devel-linux-x86_64-debian-clang | 0.3.0 | 15.19 | 383.18 | 398.37 | OK | |
r-devel-linux-x86_64-debian-gcc | 0.3.0 | 12.46 | 305.71 | 318.17 | OK | |
r-devel-linux-x86_64-fedora-clang | 0.3.0 | 223.65 | NOTE | |||
r-devel-linux-x86_64-fedora-gcc | 0.3.0 | 199.07 | NOTE | |||
r-devel-windows-x86_64 | 0.3.0 | 15.00 | 321.00 | 336.00 | OK | |
r-patched-linux-x86_64 | 0.3.0 | OK | ||||
r-release-linux-x86_64 | 0.3.0 | 12.71 | 383.54 | 396.25 | OK | |
r-release-macos-arm64 | 0.3.0 | 171.00 | OK | |||
r-release-macos-x86_64 | 0.3.0 | 247.00 | OK | |||
r-release-windows-x86_64 | 0.3.0 | 16.00 | 313.00 | 329.00 | OK | |
r-oldrel-macos-arm64 | 0.3.0 | 115.00 | NOTE | |||
r-oldrel-macos-x86_64 | 0.3.0 | 229.00 | NOTE | |||
r-oldrel-windows-x86_64 | 0.3.0 | 21.00 | 373.00 | 394.00 | OK |
Version: 0.3.0
Check: package dependencies
Result: NOTE
Packages suggested but not available for checking: 'conos', 'pagoda2'
Flavors: r-devel-linux-x86_64-fedora-clang, r-devel-linux-x86_64-fedora-gcc
Version: 0.3.0
Check: package dependencies
Result: NOTE
Package suggested but not available for checking: ‘rhdf5’
Flavors: r-oldrel-macos-arm64, r-oldrel-macos-x86_64