Last updated on 2025-05-06 02:50:15 CEST.
Flavor | Version | Tinstall | Tcheck | Ttotal | Status | Flags |
---|---|---|---|---|---|---|
r-devel-linux-x86_64-debian-clang | 1.2 | 3.22 | 28.27 | 31.49 | NOTE | |
r-devel-linux-x86_64-debian-gcc | 1.2 | 2.25 | 21.38 | 23.63 | NOTE | |
r-devel-linux-x86_64-fedora-clang | 1.2 | 51.59 | OK | |||
r-devel-linux-x86_64-fedora-gcc | 1.2 | 49.69 | OK | |||
r-devel-windows-x86_64 | 1.2 | 4.00 | 47.00 | 51.00 | OK | |
r-patched-linux-x86_64 | 1.2 | 3.06 | 27.28 | 30.34 | OK | |
r-release-linux-x86_64 | 1.2 | 2.99 | 27.47 | 30.46 | OK | |
r-release-macos-arm64 | 1.2 | 19.00 | OK | |||
r-release-macos-x86_64 | 1.2 | 33.00 | OK | |||
r-release-windows-x86_64 | 1.2 | 4.00 | 47.00 | 51.00 | OK | |
r-oldrel-macos-arm64 | 1.2 | 19.00 | OK | |||
r-oldrel-macos-x86_64 | 1.2 | 27.00 | OK | |||
r-oldrel-windows-x86_64 | 1.2 | 4.00 | 46.00 | 50.00 | OK |
Version: 1.2
Check: CRAN incoming feasibility
Result: NOTE
Maintainer: ‘Michael A Rotondi <mrotondi@yorku.ca>’
No Authors@R field in DESCRIPTION.
Please add one, modifying
Authors@R: person(given = c("Michael", "A"),
family = "Rotondi",
role = c("aut", "cre"),
email = "mrotondi@yorku.ca")
as necessary.
Flavors: r-devel-linux-x86_64-debian-clang, r-devel-linux-x86_64-debian-gcc