Last updated on 2024-07-27 01:53:09 CEST.
Flavor | Version | Tinstall | Tcheck | Ttotal | Status | Flags |
---|---|---|---|---|---|---|
r-devel-linux-x86_64-debian-clang | 1.3.0 | 11.77 | 139.90 | 151.67 | NOTE | |
r-devel-linux-x86_64-debian-gcc | 1.2.0 | 8.07 | 94.58 | 102.65 | NOTE | |
r-devel-linux-x86_64-fedora-clang | 1.3.0 | 278.23 | OK | |||
r-devel-linux-x86_64-fedora-gcc | 1.3.0 | 262.61 | OK | |||
r-devel-windows-x86_64 | 1.2.0 | 12.00 | 180.00 | 192.00 | OK | |
r-patched-linux-x86_64 | 1.2.0 | NOTE | ||||
r-release-linux-x86_64 | 1.2.0 | 6.41 | 126.32 | 132.73 | NOTE | |
r-release-macos-arm64 | 1.3.0 | 68.00 | NOTE | |||
r-release-macos-x86_64 | 1.3.0 | 154.00 | NOTE | |||
r-release-windows-x86_64 | 1.3.0 | 12.00 | 173.00 | 185.00 | OK | |
r-oldrel-macos-arm64 | 1.3.0 | 73.00 | NOTE | |||
r-oldrel-macos-x86_64 | 1.3.0 | 141.00 | NOTE | |||
r-oldrel-windows-x86_64 | 1.3.0 | 16.00 | 148.00 | 164.00 | NOTE |
Version: 1.3.0
Check: package dependencies
Result: NOTE
Package suggested but not available for checking: ‘INLA’
Flavors: r-devel-linux-x86_64-debian-clang, r-release-macos-arm64, r-release-macos-x86_64, r-oldrel-macos-arm64, r-oldrel-macos-x86_64, r-oldrel-windows-x86_64
Version: 1.2.0
Check: package dependencies
Result: NOTE
Package suggested but not available for checking: ‘INLA’
Flavors: r-devel-linux-x86_64-debian-gcc, r-patched-linux-x86_64, r-release-linux-x86_64