Last updated on 2025-05-24 01:51:17 CEST.
Flavor | Version | Tinstall | Tcheck | Ttotal | Status | Flags |
---|---|---|---|---|---|---|
r-devel-linux-x86_64-debian-clang | 1.1.5 | 3.44 | 19.34 | 22.78 | NOTE | |
r-devel-linux-x86_64-debian-gcc | 1.1.5 | 2.63 | 15.23 | 17.86 | NOTE | |
r-devel-linux-x86_64-fedora-clang | 1.1.5 | 36.52 | OK | |||
r-devel-linux-x86_64-fedora-gcc | 1.1.5 | 34.37 | OK | |||
r-devel-windows-x86_64 | 1.1.5 | 6.00 | 39.00 | 45.00 | OK | |
r-patched-linux-x86_64 | 1.1.5 | 3.06 | 18.39 | 21.45 | OK | |
r-release-linux-x86_64 | 1.1.5 | 3.09 | 18.50 | 21.59 | OK | |
r-release-macos-arm64 | 1.1.5 | 17.00 | OK | |||
r-release-macos-x86_64 | 1.1.5 | 25.00 | OK | |||
r-release-windows-x86_64 | 1.1.5 | 7.00 | 39.00 | 46.00 | OK | |
r-oldrel-macos-arm64 | 1.1.5 | 16.00 | OK | |||
r-oldrel-macos-x86_64 | 1.1.5 | 23.00 | OK | |||
r-oldrel-windows-x86_64 | 1.1.5 | 6.00 | 37.00 | 43.00 | OK |
Version: 1.1.5
Check: CRAN incoming feasibility
Result: NOTE
Maintainer: ‘Boxiang Wang <boxiang-wang@uiowa.edu>’
No Authors@R field in DESCRIPTION.
Please add one, modifying
Authors@R: c(person(given = c("Douglas", "M."),
family = "Hawkins",
role = "aut"),
person(given = c("David", "H."),
family = "Olwell",
role = "aut"),
person(given = "Boxiang",
family = "Wang",
role = c("aut", "cre"),
email = "boxiang-wang@uiowa.edu"))
as necessary.
Flavors: r-devel-linux-x86_64-debian-clang, r-devel-linux-x86_64-debian-gcc