Last updated on 2025-11-19 01:48:42 CET.
| Flavor | Version | Tinstall | Tcheck | Ttotal | Status | Flags |
|---|---|---|---|---|---|---|
| r-devel-linux-x86_64-debian-clang | 1.3.0 | 8.92 | 91.27 | 100.19 | NOTE | |
| r-devel-linux-x86_64-debian-gcc | 1.3.0 | 6.19 | 68.53 | 74.72 | NOTE | |
| r-devel-linux-x86_64-fedora-clang | 1.3.0 | 26.00 | 127.87 | 153.87 | OK | |
| r-devel-linux-x86_64-fedora-gcc | 1.3.0 | 22.00 | 132.07 | 154.07 | OK | |
| r-devel-windows-x86_64 | 1.3.0 | 12.00 | 99.00 | 111.00 | OK | |
| r-patched-linux-x86_64 | 1.3.0 | 8.54 | 85.71 | 94.25 | OK | |
| r-release-linux-x86_64 | 1.3.0 | 8.95 | 87.89 | 96.84 | OK | |
| r-release-macos-arm64 | 1.3.0 | 5.00 | 46.00 | 51.00 | OK | |
| r-release-macos-x86_64 | 1.3.0 | 9.00 | 116.00 | 125.00 | OK | |
| r-release-windows-x86_64 | 1.3.0 | 10.00 | 98.00 | 108.00 | OK | |
| r-oldrel-macos-arm64 | 1.3.0 | 5.00 | 42.00 | 47.00 | NOTE | |
| r-oldrel-macos-x86_64 | 1.3.0 | 11.00 | 62.00 | 73.00 | NOTE | |
| r-oldrel-windows-x86_64 | 1.3.0 | 14.00 | 125.00 | 139.00 | NOTE |
Version: 1.3.0
Check: CRAN incoming feasibility
Result: NOTE
Maintainer: ‘Oyvind Langsrud <oyl@ssb.no>’
No Authors@R field in DESCRIPTION.
Please add one, modifying
Authors@R: c(person(given = "Øyvind",
family = "Langsrud",
role = "aut"),
person(given = "Oyvind",
family = "Langsrud",
role = "cre",
email = "oyl@ssb.no"))
as necessary.
Flavors: r-devel-linux-x86_64-debian-clang, r-devel-linux-x86_64-debian-gcc
Version: 1.3.0
Check: package dependencies
Result: NOTE
Package suggested but not available for checking: ‘ReGenesees’
Flavors: r-oldrel-macos-arm64, r-oldrel-macos-x86_64, r-oldrel-windows-x86_64