Last updated on 2024-07-27 01:53:08 CEST.
Flavor | Version | Tinstall | Tcheck | Ttotal | Status | Flags |
---|---|---|---|---|---|---|
r-devel-linux-x86_64-debian-clang | 0.3 | 85.27 | 141.73 | 227.00 | NOTE | |
r-devel-linux-x86_64-debian-gcc | 0.3 | 54.82 | 105.24 | 160.06 | NOTE | |
r-devel-linux-x86_64-fedora-clang | 0.3 | 343.53 | NOTE | |||
r-devel-linux-x86_64-fedora-gcc | 0.3 | 308.00 | NOTE | |||
r-devel-windows-x86_64 | 0.3 | 71.00 | 137.00 | 208.00 | NOTE | |
r-patched-linux-x86_64 | 0.3 | NOTE | ||||
r-release-linux-x86_64 | 0.3 | 50.36 | 134.27 | 184.63 | NOTE | |
r-release-macos-arm64 | 0.3 | 85.00 | NOTE | |||
r-release-macos-x86_64 | 0.3 | 117.00 | NOTE | |||
r-release-windows-x86_64 | 0.3 | 84.00 | 139.00 | 223.00 | NOTE | |
r-oldrel-macos-arm64 | 0.3 | 98.00 | NOTE | |||
r-oldrel-macos-x86_64 | 0.3 | 173.00 | NOTE | |||
r-oldrel-windows-x86_64 | 0.3 | 93.00 | 173.00 | 266.00 | NOTE |
Version: 0.3
Check: for GNU extensions in Makefiles
Result: NOTE
GNU make is a SystemRequirements.
Flavors: r-devel-linux-x86_64-debian-clang, r-devel-linux-x86_64-debian-gcc, r-devel-linux-x86_64-fedora-clang, r-devel-linux-x86_64-fedora-gcc, r-devel-windows-x86_64, r-patched-linux-x86_64, r-release-linux-x86_64, r-release-macos-arm64, r-release-macos-x86_64, r-release-windows-x86_64, r-oldrel-macos-arm64, r-oldrel-macos-x86_64, r-oldrel-windows-x86_64