Last updated on 2024-07-27 01:53:08 CEST.
Flavor | Version | Tinstall | Tcheck | Ttotal | Status | Flags |
---|---|---|---|---|---|---|
r-devel-linux-x86_64-debian-clang | 3.6 | 67.74 | 514.82 | 582.56 | OK | |
r-devel-linux-x86_64-debian-gcc | 3.6 | 44.89 | 360.45 | 405.34 | OK | |
r-devel-linux-x86_64-fedora-clang | 3.6 | 717.46 | NOTE | |||
r-devel-linux-x86_64-fedora-gcc | 3.6 | 669.02 | NOTE | |||
r-devel-windows-x86_64 | 3.6 | 32.00 | 236.00 | 268.00 | OK | |
r-patched-linux-x86_64 | 3.6 | OK | ||||
r-release-linux-x86_64 | 3.6 | 61.20 | 488.29 | 549.49 | OK | |
r-release-macos-arm64 | 3.6 | 294.00 | OK | |||
r-release-macos-x86_64 | 3.6 | 293.00 | OK | |||
r-release-windows-x86_64 | 3.6 | 29.00 | 225.00 | 254.00 | OK | |
r-oldrel-macos-arm64 | 3.6 | 123.00 | OK | |||
r-oldrel-macos-x86_64 | 3.6 | 265.00 | OK | |||
r-oldrel-windows-x86_64 | 3.6 | 39.00 | 298.00 | 337.00 | OK |
Version: 3.6
Check: dependencies in R code
Result: NOTE
Namespace in Imports field not imported from: ‘Rcpp’
All declared Imports should be used.
Flavors: r-devel-linux-x86_64-fedora-clang, r-devel-linux-x86_64-fedora-gcc