Last updated on 2024-07-27 01:53:08 CEST.
Flavor | Version | Tinstall | Tcheck | Ttotal | Status | Flags |
---|---|---|---|---|---|---|
r-devel-linux-x86_64-debian-clang | 0.2.19 | 26.88 | 315.23 | 342.11 | OK | |
r-devel-linux-x86_64-debian-gcc | 0.2.19 | 22.42 | 230.26 | 252.68 | OK | |
r-devel-linux-x86_64-fedora-clang | 0.2.19 | 431.81 | OK | |||
r-devel-linux-x86_64-fedora-gcc | 0.2.19 | 413.14 | OK | |||
r-devel-windows-x86_64 | 0.2.18 | 23.00 | 250.00 | 273.00 | NOTE | |
r-patched-linux-x86_64 | 0.2.19 | OK | ||||
r-release-linux-x86_64 | 0.2.18 | 20.53 | 295.75 | 316.28 | OK | |
r-release-macos-arm64 | 0.2.19 | 95.00 | OK | |||
r-release-macos-x86_64 | 0.2.19 | 186.00 | OK | |||
r-release-windows-x86_64 | 0.2.19 | 27.00 | 267.00 | 294.00 | OK | |
r-oldrel-macos-arm64 | 0.2.19 | 157.00 | OK | |||
r-oldrel-macos-x86_64 | 0.2.19 | 361.00 | OK | |||
r-oldrel-windows-x86_64 | 0.2.19 | 31.00 | 324.00 | 355.00 | OK |
Version: 0.2.18
Check: Rd cross-references
Result: NOTE
Found the following Rd file(s) with Rd \link{} targets missing package
anchors:
Triangles.Rd: xyplot
plot.MackChainLadder.Rd: xyplot
tweedieReserve.Rd: tweedie.profile
Please provide package anchors for all Rd \link{} targets not in the
package itself and the base packages.
Flavor: r-devel-windows-x86_64